{"id":602,"date":"2024-09-09T15:08:49","date_gmt":"2024-09-09T15:08:49","guid":{"rendered":"http:\/\/10.10.10.150\/mapasidel\/?page_id=602"},"modified":"2024-09-10T06:50:21","modified_gmt":"2024-09-10T06:50:21","slug":"presovskeho-kraja","status":"publish","type":"page","link":"https:\/\/mapapartnerstva.gov.sk\/?page_id=602","title":{"rendered":"Pre\u0161ovsk\u00e9ho kraja"},"content":{"rendered":"\n<table id=\"tablepress-6\" class=\"tablepress tablepress-id-6 tbody-has-connected-cells\">\n<thead>\n<tr class=\"row-1\">\n\t<td class=\"column-1\"><\/td><th class=\"column-2\">\u00fazemie<\/th><th class=\"column-3\">meno a priezvisko<\/th><th class=\"column-4\">funckia\/nominovan\u00fd za<\/th><th class=\"column-5\">Komora<\/th><td class=\"column-6\"><\/td><td class=\"column-7\"><\/td>\n<\/tr>\n<\/thead>\n<tbody class=\"row-striping row-hover\">\n<tr class=\"row-2\">\n\t<td class=\"column-1\"><\/td><td class=\"column-2\">PSK<\/td><td class=\"column-3\">Milan Majersk\u00fd <\/td><td class=\"column-4\">Pre\u0161ovsk\u00fd samospr\u00e1vny kraj <\/td><td class=\"column-5\">Komora region\u00e1lnej samospr\u00e1vy<\/td><td class=\"column-6\"><\/td><td class=\"column-7\"><\/td>\n<\/tr>\n<tr class=\"row-3\">\n\t<td class=\"column-1\"><\/td><td class=\"column-2\">PSK<\/td><td class=\"column-3\">Ing. Lucia Suke\u013eov\u00e1<\/td><td class=\"column-4\">starostka Jasenov\/RZMO regi\u00f3n Humenn\u00e9<\/td><td class=\"column-5\">Komora miestnej samospr\u00e1vy <\/td><td class=\"column-6\"><\/td><td class=\"column-7\"><\/td>\n<\/tr>\n<tr class=\"row-4\">\n\t<td class=\"column-1\"><\/td><td class=\"column-2\">PSK<\/td><td class=\"column-3\">\u013dubica Zubkov\u00e1<\/td><td class=\"column-4\">Starostka Obec Dlh\u00e9 Kl\u010dovo\/ZMO Vranovsk\u00e9ho regi\u00f3nu<\/td><td class=\"column-5\">Komora miestnej samospr\u00e1vy <\/td><td class=\"column-6\"><\/td><td class=\"column-7\"><\/td>\n<\/tr>\n<tr class=\"row-5\">\n\t<td class=\"column-1\"><\/td><td class=\"column-2\">PSK<\/td><td class=\"column-3\">Ing. J\u00e1n Kn\u00ed\u017e<\/td><td class=\"column-4\">starosta Dlh\u00e9 nad Cirochou\/ZMOS sninsk\u00fd regi\u00f3n<\/td><td class=\"column-5\">Komora miestnej samospr\u00e1vy <\/td><td class=\"column-6\"><\/td><td class=\"column-7\"><\/td>\n<\/tr>\n<tr class=\"row-6\">\n\t<td class=\"column-1\"><\/td><td class=\"column-2\">PSK<\/td><td class=\"column-3\">Vladim\u00edr \u010ca\u010d<\/td><td class=\"column-4\">starosta Chot\u010da\/RZMO okresu Stropkov<\/td><td class=\"column-5\">Komora miestnej samospr\u00e1vy <\/td><td class=\"column-6\"><\/td><td class=\"column-7\"><\/td>\n<\/tr>\n<tr class=\"row-7\">\n\t<td class=\"column-1\"><\/td><td class=\"column-2\">PSK<\/td><td class=\"column-3\">Ing. Vladislav Vi\u0161\u0148ovsk\u00fd<\/td><td class=\"column-4\">Prim\u00e1tor Medzilaborce\/Laboreck\u00e9 ZMO<\/td><td class=\"column-5\">Komora miestnej samospr\u00e1vy <\/td><td class=\"column-6\"><\/td><td class=\"column-7\"><\/td>\n<\/tr>\n<tr class=\"row-8\">\n\t<td class=\"column-1\"><\/td><td class=\"column-2\">PSK<\/td><td class=\"column-3\">JUDr. Viliam Kall<\/td><td class=\"column-4\">Prim\u00e1tor Ve\u013ek\u00fd \u0160ari\u0161\/RZMO Pre\u0161ov - \u0160ari\u0161<\/td><td class=\"column-5\">Komora miestnej samospr\u00e1vy <\/td><td class=\"column-6\"><\/td><td class=\"column-7\"><\/td>\n<\/tr>\n<tr class=\"row-9\">\n\t<td class=\"column-1\"><\/td><td class=\"column-2\">PSK<\/td><td class=\"column-3\">Ing. Michal Repask\u00fd<\/td><td class=\"column-4\">Prim\u00e1tor Sabinov\/RZ ZMOS Horn\u00e1 Torysa<\/td><td class=\"column-5\">Komora miestnej samospr\u00e1vy <\/td><td class=\"column-6\"><\/td><td class=\"column-7\"><\/td>\n<\/tr>\n<tr class=\"row-10\">\n\t<td class=\"column-1\"><\/td><td class=\"column-2\">PSK<\/td><td class=\"column-3\">Mgr. J\u00e1n \u0160urkala, PhD.<\/td><td class=\"column-4\">starosta Zborov\/RZMO \u0160ari\u0161 - Bardejov<\/td><td class=\"column-5\">Komora miestnej samospr\u00e1vy <\/td><td class=\"column-6\"><\/td><td class=\"column-7\"><\/td>\n<\/tr>\n<tr class=\"row-11\">\n\t<td class=\"column-1\"><\/td><td class=\"column-2\">PSK<\/td><td class=\"column-3\">Ing. Pavol Tchur\u00edk<\/td><td class=\"column-4\">prim\u00e1tor Giraltovce\/RZMO pod Duklou<\/td><td class=\"column-5\">Komora miestnej samospr\u00e1vy <\/td><td class=\"column-6\"><\/td><td class=\"column-7\"><\/td>\n<\/tr>\n<tr class=\"row-12\">\n\t<td class=\"column-1\"><\/td><td class=\"column-2\">PSK<\/td><td class=\"column-3\">Ing. Martina Bedn\u00e1rov\u00e1<\/td><td class=\"column-4\">starostka Doma\u0148ovce\/ZMO Spi\u0161a<\/td><td class=\"column-5\">Komora miestnej samospr\u00e1vy <\/td><td class=\"column-6\"><\/td><td class=\"column-7\"><\/td>\n<\/tr>\n<tr class=\"row-13\">\n\t<td class=\"column-1\"><\/td><td class=\"column-2\">PSK<\/td><td class=\"column-3\">Ing. J\u00e1n Kur\u0148ava<\/td><td class=\"column-4\">prim\u00e1tor Spi\u0161sk\u00e1 Star\u00e1 Ves\/RZ tatransk\u00fdch a podtatransk\u00fdch obc\u00ed<\/td><td class=\"column-5\">Komora miestnej samospr\u00e1vy <\/td><td class=\"column-6\"><\/td><td class=\"column-7\"><\/td>\n<\/tr>\n<tr class=\"row-14\">\n\t<td class=\"column-1\"><\/td><td class=\"column-2\">PSK<\/td><td class=\"column-3\">Ing. J\u00falia Bo\u010fov\u00e1<\/td><td class=\"column-4\">starostka Nov\u00e1 \u013dubov\u0148a\/\u013dubovnianske RZMO<\/td><td class=\"column-5\">Komora miestnej samospr\u00e1vy <\/td><td class=\"column-6\"><\/td><td class=\"column-7\"><\/td>\n<\/tr>\n<tr class=\"row-15\">\n\t<td class=\"column-1\"><\/td><td class=\"column-2\">PSK<\/td><td class=\"column-3\">Ing. Franti\u0161ek O\u013eha<\/td><td class=\"column-4\">Prim\u00e1tor Pre\u0161ov<\/td><td class=\"column-5\">Komora miestnej samospr\u00e1vy <\/td><td class=\"column-6\"><\/td><td class=\"column-7\"><\/td>\n<\/tr>\n<tr class=\"row-16\">\n\t<td class=\"column-1\"><\/td><td class=\"column-2\">PSK<\/td><td class=\"column-3\">MVDr. Michal Kapusta<\/td><td class=\"column-4\">Prim\u00e1tor Mesto Spi\u0161sk\u00e9 Podhradie<\/td><td class=\"column-5\">Komora miestnej samospr\u00e1vy <\/td><td class=\"column-6\"><\/td><td class=\"column-7\"><\/td>\n<\/tr>\n<tr class=\"row-17\">\n\t<td class=\"column-1\"><\/td><td class=\"column-2\">PSK<\/td><td class=\"column-3\">JUDr. Pavol Papcun<\/td><td class=\"column-4\">Mesto Levo\u010da<\/td><td class=\"column-5\">Komora miestnej samospr\u00e1vy <\/td><td class=\"column-6\"><\/td><td class=\"column-7\"><\/td>\n<\/tr>\n<tr class=\"row-18\">\n\t<td class=\"column-1\"><\/td><td class=\"column-2\">PSK<\/td><td class=\"column-3\">Ing. Anton Danko<\/td><td class=\"column-4\">Prim\u00e1tor Poprad<\/td><td class=\"column-5\">Komora miestnej samospr\u00e1vy <\/td><td class=\"column-6\"><\/td><td class=\"column-7\"><\/td>\n<\/tr>\n<tr class=\"row-19\">\n\t<td class=\"column-1\"><\/td><td class=\"column-2\">PSK<\/td><td class=\"column-3\">Jozef Pon\u010d\u00e1k<\/td><td class=\"column-4\">starosta Seniakovce <\/td><td class=\"column-5\">Komora miestnej samospr\u00e1vy <\/td><td class=\"column-6\"><\/td><td class=\"column-7\"><\/td>\n<\/tr>\n<tr class=\"row-20\">\n\t<td class=\"column-1\"><\/td><td class=\"column-2\">PSK<\/td><td class=\"column-3\">Jozef Grivalsk\u00fd<\/td><td class=\"column-4\">starosta Kr\u00ed\u017eov\u00e1 Ves<\/td><td class=\"column-5\">Komora miestnej samospr\u00e1vy <\/td><td class=\"column-6\"><\/td><td class=\"column-7\"><\/td>\n<\/tr>\n<tr class=\"row-21\">\n\t<td class=\"column-1\"><\/td><td class=\"column-2\">PSK<\/td><td class=\"column-3\">JUDr. Veronika Voz\u00e1rov\u00e1<\/td><td class=\"column-4\">Ministerstvo invest\u00edci\u00ed, region\u00e1lneho rozvoja a informatiz\u00e1cie Slovenskej republiky<\/td><td class=\"column-5\">Komora \u0161t\u00e1tnej spr\u00e1vy <\/td><td class=\"column-6\"><\/td><td class=\"column-7\"><\/td>\n<\/tr>\n<tr class=\"row-22\">\n\t<td class=\"column-1\"><\/td><td class=\"column-2\">PSK<\/td><td class=\"column-3\">JUDr. Denisa \u017dil\u00e1kov\u00e1, MBA, LL.M.<\/td><td class=\"column-4\">Ministerstvo dopravy Slovenskej republiky<\/td><td class=\"column-5\">Komora \u0161t\u00e1tnej spr\u00e1vy <\/td><td class=\"column-6\"><\/td><td class=\"column-7\"><\/td>\n<\/tr>\n<tr class=\"row-23\">\n\t<td class=\"column-1\"><\/td><td class=\"column-2\">PSK<\/td><td class=\"column-3\">Ing. Zdenko Letanay<\/td><td class=\"column-4\">Ministerstvo hospod\u00e1rstva Slovenskej republiky<\/td><td class=\"column-5\">Komora \u0161t\u00e1tnej spr\u00e1vy <\/td><td class=\"column-6\"><\/td><td class=\"column-7\"><\/td>\n<\/tr>\n<tr class=\"row-24\">\n\t<td class=\"column-1\"><\/td><td class=\"column-2\">PSK<\/td><td class=\"column-3\">Ing J\u00e1n Hrinko, PhD. <\/td><td class=\"column-4\">Ministerstvo \u0161kolstva, v\u00fdskumu, v\u00fdvoja a ml\u00e1de\u017ee Slovenskej republiky<\/td><td class=\"column-5\">Komora \u0161t\u00e1tnej spr\u00e1vy <\/td><td class=\"column-6\"><\/td><td class=\"column-7\"><\/td>\n<\/tr>\n<tr class=\"row-25\">\n\t<td class=\"column-1\"><\/td><td class=\"column-2\">PSK<\/td><td class=\"column-3\">RNDr. Tatiana Bagiov\u00e1 <\/td><td rowspan=\"2\" class=\"column-4\">Ministerstvo zdravotn\u00edctva Slovenskej republiky<\/td><td class=\"column-5\">Komora \u0161t\u00e1tnej spr\u00e1vy <\/td><td class=\"column-6\"><\/td><td class=\"column-7\"><\/td>\n<\/tr>\n<tr class=\"row-26\">\n\t<td class=\"column-1\"><\/td><td class=\"column-2\">PSK<\/td><td class=\"column-3\">Ing. Zuzana T\u00f3thov\u00e1<\/td><td class=\"column-5\">Komora \u0161t\u00e1tnej spr\u00e1vy <\/td><td class=\"column-6\"><\/td><td class=\"column-7\"><\/td>\n<\/tr>\n<tr class=\"row-27\">\n\t<td class=\"column-1\"><\/td><td class=\"column-2\">PSK<\/td><td class=\"column-3\">Mgr. Miloslava Moln\u00e1rov\u00e1, PhD.<\/td><td rowspan=\"2\" class=\"column-4\">Ministerstvo \u017eivotn\u00e9ho prostredia Slovenskej republiky<\/td><td class=\"column-5\">Komora \u0161t\u00e1tnej spr\u00e1vy <\/td><td class=\"column-6\"><\/td><td class=\"column-7\"><\/td>\n<\/tr>\n<tr class=\"row-28\">\n\t<td class=\"column-1\"><\/td><td class=\"column-2\">PSK<\/td><td class=\"column-3\">Ing. Jana Rol\u00ednov\u00e1 <\/td><td class=\"column-5\">Komora \u0161t\u00e1tnej spr\u00e1vy <\/td><td class=\"column-6\"><\/td><td class=\"column-7\"><\/td>\n<\/tr>\n<tr class=\"row-29\">\n\t<td class=\"column-1\"><\/td><td class=\"column-2\">PSK<\/td><td class=\"column-3\">MUDr. Peter Chud\u00edk <\/td><td class=\"column-4\">Ministerstvo vn\u00fatra Slovenskej republiky<\/td><td class=\"column-5\">Komora \u0161t\u00e1tnej spr\u00e1vy <\/td><td class=\"column-6\"><\/td><td class=\"column-7\"><\/td>\n<\/tr>\n<tr class=\"row-30\">\n\t<td class=\"column-1\"><\/td><td class=\"column-2\">PSK<\/td><td class=\"column-3\">Ing. Peter Duranka<\/td><td class=\"column-4\">Ministerstvo kult\u00fary Slovenskej republiky<\/td><td class=\"column-5\">Komora \u0161t\u00e1tnej spr\u00e1vy <\/td><td class=\"column-6\"><\/td><td class=\"column-7\"><\/td>\n<\/tr>\n<tr class=\"row-31\">\n\t<td class=\"column-1\"><\/td><td class=\"column-2\">PSK<\/td><td class=\"column-3\">Ing. Lucia Javorov\u00e1<\/td><td class=\"column-4\">Ministerstvo pr\u00e1ce, soci\u00e1lnych vec\u00ed a rodiny Slovenskej republiky<\/td><td class=\"column-5\">Komora \u0161t\u00e1tnej spr\u00e1vy <\/td><td class=\"column-6\"><\/td><td class=\"column-7\"><\/td>\n<\/tr>\n<tr class=\"row-32\">\n\t<td class=\"column-1\"><\/td><td class=\"column-2\">PSK<\/td><td class=\"column-3\">Mgr. Denisa L\u00e1nikov\u00e1, PhD.<\/td><td class=\"column-4\">Ministerstvo p\u00f4dohospod\u00e1rstva a rozvoja vidieka Slovenskej republiky<\/td><td class=\"column-5\">Komora \u0161t\u00e1tnej spr\u00e1vy <\/td><td class=\"column-6\"><\/td><td class=\"column-7\"><\/td>\n<\/tr>\n<tr class=\"row-33\">\n\t<td class=\"column-1\"><\/td><td class=\"column-2\">PSK<\/td><td class=\"column-3\">Du\u0161an Ha\u010dko<\/td><td class=\"column-4\">Ministerstvo cestovn\u00e9ho ruchu a \u0161portu Slovenskej republiky<\/td><td class=\"column-5\">Komora \u0161t\u00e1tnej spr\u00e1vy <\/td><td class=\"column-6\"><\/td><td class=\"column-7\"><\/td>\n<\/tr>\n<tr class=\"row-34\">\n\t<td class=\"column-1\"><\/td><td class=\"column-2\">PSK<\/td><td class=\"column-3\">Dominik Bez\u00e1k<\/td><td class=\"column-4\">\u00darad vl\u00e1dy Slovenskej republiky<\/td><td class=\"column-5\">Komora \u0161t\u00e1tnej spr\u00e1vy <\/td><td class=\"column-6\"><\/td><td class=\"column-7\"><\/td>\n<\/tr>\n<tr class=\"row-35\">\n\t<td class=\"column-1\"><\/td><td class=\"column-2\">RP PSK<\/td><td class=\"column-3\">Gabriel Pa\u013ea<\/td><td class=\"column-4\">Pre\u0161ovsk\u00e1 univerzita<\/td><td class=\"column-5\">Komora socioekonomick\u00fdch partnerov<\/td><td class=\"column-6\"><\/td><td class=\"column-7\"><\/td>\n<\/tr>\n<tr class=\"row-36\">\n\t<td class=\"column-1\"><\/td><td class=\"column-2\">RP PSK<\/td><td class=\"column-3\">Peter Matis<\/td><td class=\"column-4\">Spi\u0161sk\u00fd diec\u00e9za<\/td><td class=\"column-5\">Komora socioekonomick\u00fdch partnerov<\/td><td class=\"column-6\"><\/td><td class=\"column-7\"><\/td>\n<\/tr>\n<tr class=\"row-37\">\n\t<td class=\"column-1\"><\/td><td class=\"column-2\">RP PSK<\/td><td class=\"column-3\">Eduard Malatinec <\/td><td class=\"column-4\">Gr\u00e9ckokatol\u00edcka charita Pre\u0161ov <\/td><td class=\"column-5\">Komora socioekonomick\u00fdch partnerov<\/td><td class=\"column-6\"><\/td><td class=\"column-7\"><\/td>\n<\/tr>\n<tr class=\"row-38\">\n\t<td class=\"column-1\"><\/td><td class=\"column-2\">RP PSK<\/td><td class=\"column-3\">Lucia Mindek Pribi\u0161ov\u00e1<\/td><td class=\"column-4\">MAS<\/td><td class=\"column-5\">Komora socioekonomick\u00fdch partnerov<\/td><td class=\"column-6\"><\/td><td class=\"column-7\"><\/td>\n<\/tr>\n<\/tbody>\n<\/table>\n<!-- #tablepress-6 from cache -->\n","protected":false},"excerpt":{"rendered":"","protected":false},"author":2,"featured_media":0,"parent":0,"menu_order":0,"comment_status":"closed","ping_status":"closed","template":"","meta":{"_acf_changed":false,"footnotes":""},"class_list":["post-602","page","type-page","status-publish","hentry"],"acf":[],"yoast_head":"<!-- This site is optimized with the Yoast SEO plugin v27.0 - https:\/\/yoast.com\/product\/yoast-seo-wordpress\/ -->\n<title>Pre\u0161ovsk\u00e9ho kraja - Mapa partnerstva<\/title>\n<meta name=\"robots\" content=\"index, follow, max-snippet:-1, max-image-preview:large, max-video-preview:-1\" \/>\n<link rel=\"canonical\" href=\"https:\/\/mapapartnerstva.gov.sk\/?page_id=602\" \/>\n<meta property=\"og:locale\" content=\"sk_SK\" \/>\n<meta property=\"og:type\" content=\"article\" \/>\n<meta property=\"og:title\" content=\"Pre\u0161ovsk\u00e9ho kraja - Mapa partnerstva\" \/>\n<meta property=\"og:url\" content=\"https:\/\/mapapartnerstva.gov.sk\/?page_id=602\" \/>\n<meta property=\"og:site_name\" content=\"Mapa partnerstva\" \/>\n<meta property=\"article:modified_time\" content=\"2024-09-10T06:50:21+00:00\" \/>\n<meta name=\"twitter:card\" content=\"summary_large_image\" \/>\n<script type=\"application\/ld+json\" class=\"yoast-schema-graph\">{\"@context\":\"https:\/\/schema.org\",\"@graph\":[{\"@type\":\"WebPage\",\"@id\":\"https:\/\/mapapartnerstva.gov.sk\/?page_id=602\",\"url\":\"https:\/\/mapapartnerstva.gov.sk\/?page_id=602\",\"name\":\"Pre\u0161ovsk\u00e9ho kraja - Mapa partnerstva\",\"isPartOf\":{\"@id\":\"https:\/\/mapapartnerstva.gov.sk\/#website\"},\"datePublished\":\"2024-09-09T15:08:49+00:00\",\"dateModified\":\"2024-09-10T06:50:21+00:00\",\"breadcrumb\":{\"@id\":\"https:\/\/mapapartnerstva.gov.sk\/?page_id=602#breadcrumb\"},\"inLanguage\":\"sk-SK\",\"potentialAction\":[{\"@type\":\"ReadAction\",\"target\":[\"https:\/\/mapapartnerstva.gov.sk\/?page_id=602\"]}]},{\"@type\":\"BreadcrumbList\",\"@id\":\"https:\/\/mapapartnerstva.gov.sk\/?page_id=602#breadcrumb\",\"itemListElement\":[{\"@type\":\"ListItem\",\"position\":1,\"name\":\"Domovsk\u00e1 str\u00e1nka\",\"item\":\"https:\/\/mapapartnerstva.gov.sk\/\"},{\"@type\":\"ListItem\",\"position\":2,\"name\":\"Pre\u0161ovsk\u00e9ho kraja\"}]},{\"@type\":\"WebSite\",\"@id\":\"https:\/\/mapapartnerstva.gov.sk\/#website\",\"url\":\"https:\/\/mapapartnerstva.gov.sk\/\",\"name\":\"Mapa partnerstva\",\"description\":\"Ministerstvo invest\u00edci\u00ed, region\u00e1lneho rozvoja a informatiz\u00e1cie Slovenskej republiky\",\"potentialAction\":[{\"@type\":\"SearchAction\",\"target\":{\"@type\":\"EntryPoint\",\"urlTemplate\":\"https:\/\/mapapartnerstva.gov.sk\/?s={search_term_string}\"},\"query-input\":{\"@type\":\"PropertyValueSpecification\",\"valueRequired\":true,\"valueName\":\"search_term_string\"}}],\"inLanguage\":\"sk-SK\"}]}<\/script>\n<!-- \/ Yoast SEO plugin. -->","yoast_head_json":{"title":"Pre\u0161ovsk\u00e9ho kraja - Mapa partnerstva","robots":{"index":"index","follow":"follow","max-snippet":"max-snippet:-1","max-image-preview":"max-image-preview:large","max-video-preview":"max-video-preview:-1"},"canonical":"https:\/\/mapapartnerstva.gov.sk\/?page_id=602","og_locale":"sk_SK","og_type":"article","og_title":"Pre\u0161ovsk\u00e9ho kraja - Mapa partnerstva","og_url":"https:\/\/mapapartnerstva.gov.sk\/?page_id=602","og_site_name":"Mapa partnerstva","article_modified_time":"2024-09-10T06:50:21+00:00","twitter_card":"summary_large_image","schema":{"@context":"https:\/\/schema.org","@graph":[{"@type":"WebPage","@id":"https:\/\/mapapartnerstva.gov.sk\/?page_id=602","url":"https:\/\/mapapartnerstva.gov.sk\/?page_id=602","name":"Pre\u0161ovsk\u00e9ho kraja - Mapa partnerstva","isPartOf":{"@id":"https:\/\/mapapartnerstva.gov.sk\/#website"},"datePublished":"2024-09-09T15:08:49+00:00","dateModified":"2024-09-10T06:50:21+00:00","breadcrumb":{"@id":"https:\/\/mapapartnerstva.gov.sk\/?page_id=602#breadcrumb"},"inLanguage":"sk-SK","potentialAction":[{"@type":"ReadAction","target":["https:\/\/mapapartnerstva.gov.sk\/?page_id=602"]}]},{"@type":"BreadcrumbList","@id":"https:\/\/mapapartnerstva.gov.sk\/?page_id=602#breadcrumb","itemListElement":[{"@type":"ListItem","position":1,"name":"Domovsk\u00e1 str\u00e1nka","item":"https:\/\/mapapartnerstva.gov.sk\/"},{"@type":"ListItem","position":2,"name":"Pre\u0161ovsk\u00e9ho kraja"}]},{"@type":"WebSite","@id":"https:\/\/mapapartnerstva.gov.sk\/#website","url":"https:\/\/mapapartnerstva.gov.sk\/","name":"Mapa partnerstva","description":"Ministerstvo invest\u00edci\u00ed, region\u00e1lneho rozvoja a informatiz\u00e1cie Slovenskej republiky","potentialAction":[{"@type":"SearchAction","target":{"@type":"EntryPoint","urlTemplate":"https:\/\/mapapartnerstva.gov.sk\/?s={search_term_string}"},"query-input":{"@type":"PropertyValueSpecification","valueRequired":true,"valueName":"search_term_string"}}],"inLanguage":"sk-SK"}]}},"_links":{"self":[{"href":"https:\/\/mapapartnerstva.gov.sk\/index.php?rest_route=\/wp\/v2\/pages\/602","targetHints":{"allow":["GET"]}}],"collection":[{"href":"https:\/\/mapapartnerstva.gov.sk\/index.php?rest_route=\/wp\/v2\/pages"}],"about":[{"href":"https:\/\/mapapartnerstva.gov.sk\/index.php?rest_route=\/wp\/v2\/types\/page"}],"author":[{"embeddable":true,"href":"https:\/\/mapapartnerstva.gov.sk\/index.php?rest_route=\/wp\/v2\/users\/2"}],"replies":[{"embeddable":true,"href":"https:\/\/mapapartnerstva.gov.sk\/index.php?rest_route=%2Fwp%2Fv2%2Fcomments&post=602"}],"version-history":[{"count":2,"href":"https:\/\/mapapartnerstva.gov.sk\/index.php?rest_route=\/wp\/v2\/pages\/602\/revisions"}],"predecessor-version":[{"id":640,"href":"https:\/\/mapapartnerstva.gov.sk\/index.php?rest_route=\/wp\/v2\/pages\/602\/revisions\/640"}],"wp:attachment":[{"href":"https:\/\/mapapartnerstva.gov.sk\/index.php?rest_route=%2Fwp%2Fv2%2Fmedia&parent=602"}],"curies":[{"name":"wp","href":"https:\/\/api.w.org\/{rel}","templated":true}]}}