{"id":598,"date":"2024-09-09T15:08:31","date_gmt":"2024-09-09T15:08:31","guid":{"rendered":"http:\/\/10.10.10.150\/mapasidel\/?page_id=598"},"modified":"2024-09-10T06:42:26","modified_gmt":"2024-09-10T06:42:26","slug":"kosickeho-kraja","status":"publish","type":"page","link":"https:\/\/mapapartnerstva.gov.sk\/?page_id=598","title":{"rendered":"Ko\u0161ick\u00e9ho kraja"},"content":{"rendered":"\n<table id=\"tablepress-3\" class=\"tablepress tablepress-id-3 tbody-has-connected-cells\">\n<thead>\n<tr class=\"row-1\">\n\t<td class=\"column-1\"><\/td><th class=\"column-2\">\u00fazemie<\/th><th class=\"column-3\">meno a priezvisko<\/th><th class=\"column-4\">funckia\/nominovan\u00fd za<\/th><th class=\"column-5\">Komora<\/th>\n<\/tr>\n<\/thead>\n<tbody class=\"row-striping row-hover\">\n<tr class=\"row-2\">\n\t<td class=\"column-1\"><\/td><td class=\"column-2\">KSK <\/td><td class=\"column-3\"><span style=\"color:#222222;\">Ing. Rastislav Trnka<\/span><\/td><td class=\"column-4\"><span style=\"color:#222222;\">Ko\u0161ick\u00fd samospr\u00e1vny kraj<\/span><\/td><td class=\"column-5\"><span style=\"color:#222222;\">Komora region\u00e1lnej samospr\u00e1vy<\/span><\/td>\n<\/tr>\n<tr class=\"row-3\">\n\t<td class=\"column-1\"><\/td><td class=\"column-2\"><span style=\"color:#222222;\">KSK<\/span><\/td><td class=\"column-3\"><span style=\"color:#222222;\">Ing. Slavom\u00edr Zubriczky<\/span><\/td><td class=\"column-4\"><span style=\"color:#222222;\">Starosta- Obec Jablonov nad Tur\u0148ou<\/span><\/td><td class=\"column-5\"><span style=\"color:#222222;\">Komora miestnej samospr\u00e1vy<\/span><\/td>\n<\/tr>\n<tr class=\"row-4\">\n\t<td class=\"column-1\"><\/td><td class=\"column-2\"><span style=\"color:#222222;\">KSK<\/span><\/td><td class=\"column-3\"><span style=\"color:#222222;\">Michal Domik<\/span><\/td><td class=\"column-4\"><span style=\"color:#222222;\">Prim\u00e1tor - Mesto Ro\u017e\u0148ava<\/span><\/td><td class=\"column-5\"><span style=\"color:#222222;\">Komora miestnej samospr\u00e1vy<\/span><\/td>\n<\/tr>\n<tr class=\"row-5\">\n\t<td class=\"column-1\"><\/td><td class=\"column-2\"><span style=\"color:#222222;\">KSK<\/span><\/td><td class=\"column-3\"><span style=\"color:#222222;\">Ing. Du\u0161an Toma\u0161ko, MBA<\/span><\/td><td class=\"column-4\"><span style=\"color:#222222;\">Prim\u00e1tor - Mesto Gelnica<\/span><\/td><td class=\"column-5\"><span style=\"color:#222222;\">Komora miestnej samospr\u00e1vy<\/span><\/td>\n<\/tr>\n<tr class=\"row-6\">\n\t<td class=\"column-1\"><\/td><td class=\"column-2\"><span style=\"color:#222222;\">KSK<\/span><\/td><td class=\"column-3\"><span style=\"color:#222222;\">Ing. Pavol Be\u010darik<\/span><\/td><td class=\"column-4\"><span style=\"color:#222222;\">Prim\u00e1tor - Mesto Spi\u0161sk\u00e1 Nov\u00e1 Ves<\/span><\/td><td class=\"column-5\"><span style=\"color:#222222;\">Komora miestnej samospr\u00e1vy<\/span><\/td>\n<\/tr>\n<tr class=\"row-7\">\n\t<td class=\"column-1\"><\/td><td class=\"column-2\"><span style=\"color:#222222;\">KSK<\/span><\/td><td class=\"column-3\"><span style=\"color:#222222;\">Ing. J\u00falius Begala <\/span><\/td><td class=\"column-4\"><span style=\"color:#222222;\">Starosta - Obec Jan\u00edk<\/span><\/td><td class=\"column-5\"><span style=\"color:#222222;\">Komora miestnej samospr\u00e1vy<\/span><\/td>\n<\/tr>\n<tr class=\"row-8\">\n\t<td class=\"column-1\"><\/td><td class=\"column-2\"><span style=\"color:#222222;\">KSK<\/span><\/td><td class=\"column-3\"><span style=\"color:#222222;\">Ing. Jozef Bela<\/span><\/td><td class=\"column-4\"><span style=\"color:#222222;\"> Starosta - Obec Slanec<\/span><\/td><td class=\"column-5\"><span style=\"color:#222222;\">Komora miestnej samospr\u00e1vy<\/span><\/td>\n<\/tr>\n<tr class=\"row-9\">\n\t<td class=\"column-1\"><\/td><td class=\"column-2\"><span style=\"color:#222222;\">KSK<\/span><\/td><td class=\"column-3\"><span style=\"color:#222222;\">PhDr. Marek \u010ci\u017em\u00e1r<\/span><\/td><td class=\"column-4\"><span style=\"color:#222222;\">Prim\u00e1tor - Mesto Trebi\u0161ov<\/span><\/td><td class=\"column-5\"><span style=\"color:#222222;\">Komora miestnej samospr\u00e1vy<\/span><\/td>\n<\/tr>\n<tr class=\"row-10\">\n\t<td class=\"column-1\"><\/td><td class=\"column-2\"><span style=\"color:#222222;\">KSK<\/span><\/td><td class=\"column-3\"><span style=\"color:#222222;\">Ing. Karol Pataky <\/span><\/td><td class=\"column-4\"><span style=\"color:#222222;\">Prim\u00e1tor - Mesto Kr\u00e1\u013eovsk\u00fd Chlmec<\/span><\/td><td class=\"column-5\"><span style=\"color:#222222;\">Komora miestnej samospr\u00e1vy<\/span><\/td>\n<\/tr>\n<tr class=\"row-11\">\n\t<td class=\"column-1\"><\/td><td class=\"column-2\"><span style=\"color:#222222;\">KSK<\/span><\/td><td class=\"column-3\"><span style=\"color:#222222;\">Mgr. Vladim\u00edr \u010ceklovsk\u00fd<\/span><\/td><td class=\"column-4\"><span style=\"color:#222222;\">Starosta - Obec Moravany<\/span><\/td><td class=\"column-5\"><span style=\"color:#222222;\">Komora miestnej samospr\u00e1vy<\/span><\/td>\n<\/tr>\n<tr class=\"row-12\">\n\t<td class=\"column-1\"><\/td><td rowspan=\"2\" class=\"column-2\"><span style=\"color:#222222;\">KSK<\/span><\/td><td class=\"column-3\"><span style=\"color:#222222;\">Ing. Jaroslav Pola\u010dek<\/span><\/td><td rowspan=\"2\" class=\"column-4\"><span style=\"color:#222222;\">Prim\u00e1tor - Mesto Ko\u0161ice<\/span><\/td><td class=\"column-5\"><span style=\"color:#222222;\">Komora miestnej samospr\u00e1vy<\/span><\/td>\n<\/tr>\n<tr class=\"row-13\">\n\t<td class=\"column-1\"><\/td><td class=\"column-3\"><span style=\"color:#222222;\">(splnomocnen\u00fd z\u00e1stupca) Ing. \u0160tefan Da\u0148o<\/span><\/td><td class=\"column-5\"><span style=\"color:#222222;\">Komora miestnej samospr\u00e1vy<\/span><\/td>\n<\/tr>\n<tr class=\"row-14\">\n\t<td class=\"column-1\"><\/td><td class=\"column-2\"><span style=\"color:#222222;\">KSK<\/span><\/td><td class=\"column-3\"><span style=\"color:#222222;\">Mgr. Miroslav Dufinec<\/span><\/td><td class=\"column-4\"><span style=\"color:#222222;\">Prim\u00e1tor - Mesto Michalovce <\/span><\/td><td class=\"column-5\"><span style=\"color:#222222;\">Komora miestnej samospr\u00e1vy<\/span><\/td>\n<\/tr>\n<tr class=\"row-15\">\n\t<td class=\"column-1\"><\/td><td class=\"column-2\">KSK<\/td><td class=\"column-3\">Ing. Ladislav \u0160imko<\/td><td class=\"column-4\">Ministerstvo invest\u00edci\u00ed, region\u00e1lneho rozvoja a informatiz\u00e1cie Slovenskej republiky<\/td><td class=\"column-5\">Komora \u0161t\u00e1tnej spr\u00e1vy <\/td>\n<\/tr>\n<tr class=\"row-16\">\n\t<td class=\"column-1\"><\/td><td class=\"column-2\">KSK<\/td><td class=\"column-3\">JUDr. Denisa \u017dil\u00e1kov\u00e1, MBA, LL.M.<\/td><td rowspan=\"2\" class=\"column-4\">Ministerstvo dopravy Slovenskej republiky<\/td><td class=\"column-5\">Komora \u0161t\u00e1tnej spr\u00e1vy <\/td>\n<\/tr>\n<tr class=\"row-17\">\n\t<td class=\"column-1\"><\/td><td class=\"column-2\">KSK<\/td><td class=\"column-3\">(Ing. \u013dubo\u0161 Duri\u010d - z\u00e1stupca)<\/td><td class=\"column-5\">Komora \u0161t\u00e1tnej spr\u00e1vy <\/td>\n<\/tr>\n<tr class=\"row-18\">\n\t<td class=\"column-1\"><\/td><td class=\"column-2\">KSK<\/td><td class=\"column-3\">Ing. Zdenko Letanay<\/td><td class=\"column-4\">Ministerstvo hospod\u00e1rstva Slovenskej republiky<\/td><td class=\"column-5\">Komora \u0161t\u00e1tnej spr\u00e1vy <\/td>\n<\/tr>\n<tr class=\"row-19\">\n\t<td class=\"column-1\"><\/td><td class=\"column-2\">KSK<\/td><td class=\"column-3\">RNDr. Slavom\u00edr Partila<\/td><td class=\"column-4\">Ministerstvo \u0161kolstva, v\u00fdskumu, v\u00fdvoja a ml\u00e1de\u017ee Slovenskej republiky<\/td><td class=\"column-5\">Komora \u0161t\u00e1tnej spr\u00e1vy <\/td>\n<\/tr>\n<tr class=\"row-20\">\n\t<td class=\"column-1\"><\/td><td class=\"column-2\">KSK<\/td><td class=\"column-3\">RNDr. Tatiana Bagiov\u00e1 <\/td><td rowspan=\"2\" class=\"column-4\">Ministerstvo zdravotn\u00edctva Slovenskej republiky<\/td><td class=\"column-5\">Komora \u0161t\u00e1tnej spr\u00e1vy <\/td>\n<\/tr>\n<tr class=\"row-21\">\n\t<td class=\"column-1\"><\/td><td class=\"column-2\">KSK<\/td><td class=\"column-3\">Ing. Zuzana T\u00f3thov\u00e1<\/td><td class=\"column-5\">Komora \u0161t\u00e1tnej spr\u00e1vy <\/td>\n<\/tr>\n<tr class=\"row-22\">\n\t<td class=\"column-1\"><\/td><td class=\"column-2\">KSK<\/td><td class=\"column-3\">Mgr. Miloslava Moln\u00e1rov\u00e1, PhD.<\/td><td rowspan=\"2\" class=\"column-4\">Ministerstvo \u017eivotn\u00e9ho prostredia Slovenskej republiky<\/td><td class=\"column-5\">Komora \u0161t\u00e1tnej spr\u00e1vy <\/td>\n<\/tr>\n<tr class=\"row-23\">\n\t<td class=\"column-1\"><\/td><td class=\"column-2\">KSK<\/td><td class=\"column-3\">Ing. Jana Rol\u00ednov\u00e1 <\/td><td class=\"column-5\">Komora \u0161t\u00e1tnej spr\u00e1vy <\/td>\n<\/tr>\n<tr class=\"row-24\">\n\t<td class=\"column-1\"><\/td><td class=\"column-2\">KSK<\/td><td class=\"column-3\">JUDr. Tom\u00e1\u0161 Kysela<\/td><td class=\"column-4\">Ministerstvo vn\u00fatra Slovenskej republiky<\/td><td class=\"column-5\">Komora \u0161t\u00e1tnej spr\u00e1vy <\/td>\n<\/tr>\n<tr class=\"row-25\">\n\t<td class=\"column-1\"><\/td><td class=\"column-2\">KSK<\/td><td class=\"column-3\">Ing. Peter Duranka<\/td><td class=\"column-4\">Ministerstvo kult\u00fary Slovenskej republiky<\/td><td class=\"column-5\">Komora \u0161t\u00e1tnej spr\u00e1vy <\/td>\n<\/tr>\n<tr class=\"row-26\">\n\t<td class=\"column-1\"><\/td><td class=\"column-2\">KSK<\/td><td class=\"column-3\">Ing. Lucia Javorov\u00e1<\/td><td class=\"column-4\">Ministerstvo pr\u00e1ce, soci\u00e1lnych vec\u00ed a rodiny Slovenskej republiky<\/td><td class=\"column-5\">Komora \u0161t\u00e1tnej spr\u00e1vy <\/td>\n<\/tr>\n<tr class=\"row-27\">\n\t<td class=\"column-1\"><\/td><td class=\"column-2\">KSK<\/td><td class=\"column-3\">Mgr. Denisa L\u00e1nikov\u00e1, PhD.<\/td><td class=\"column-4\">Ministerstvo p\u00f4dohospod\u00e1rstva a rozvoja vidieka Slovenskej republiky<\/td><td class=\"column-5\">Komora \u0161t\u00e1tnej spr\u00e1vy <\/td>\n<\/tr>\n<tr class=\"row-28\">\n\t<td class=\"column-1\"><\/td><td class=\"column-2\">KSK<\/td><td class=\"column-3\">Ing. \u0160tefan Adam, PhD.<\/td><td rowspan=\"2\" class=\"column-4\">Ministerstvo cestovn\u00e9ho ruchu a \u0161portu Slovenskej republiky<\/td><td rowspan=\"2\" class=\"column-5\">Komora \u0161t\u00e1tnej spr\u00e1vy <\/td>\n<\/tr>\n<tr class=\"row-29\">\n\t<td class=\"column-1\"><\/td><td class=\"column-2\">KSK <\/td><td class=\"column-3\">Ing. Tatiana Mal\u00e1<\/td>\n<\/tr>\n<tr class=\"row-30\">\n\t<td class=\"column-1\"><\/td><td class=\"column-2\">KSK<\/td><td class=\"column-3\">Mgr. Ingrid Luk\u00e1\u010dov\u00e1<\/td><td class=\"column-4\">\u00darad vl\u00e1dy Slovenskej republiky<\/td><td class=\"column-5\">Komora \u0161t\u00e1tnej spr\u00e1vy <\/td>\n<\/tr>\n<tr class=\"row-31\">\n\t<td class=\"column-1\"><\/td><td class=\"column-2\">KSK<\/td><td class=\"column-3\"><span style=\"color:#222222;\">prof. Ing. Peter M\u00e9s\u00e1ro\u0161, PhD.<\/span><\/td><td rowspan=\"2\" class=\"column-4\"><span style=\"color:#222222;\">akademick\u00fd sektor<\/span><\/td><td rowspan=\"2\" class=\"column-5\">Komora socioekonomick\u00fdch partnerov<\/td>\n<\/tr>\n<tr class=\"row-32\">\n\t<td class=\"column-1\"><\/td><td class=\"column-2\">KSK<\/td><td class=\"column-3\"><span style=\"color:#222222;\">Rastislav Ru\u010dinsk\u00fd<\/span><\/td>\n<\/tr>\n<tr class=\"row-33\">\n\t<td class=\"column-1\"><\/td><td class=\"column-2\">KSK<\/td><td class=\"column-3\">\u013dubom\u00edr Gerda<\/td><td class=\"column-4\"><span style=\"color:#222222;\">ob\u010diansky sektor<\/span><\/td><td class=\"column-5\">Komora socioekonomick\u00fdch partnerov<\/td>\n<\/tr>\n<tr class=\"row-34\">\n\t<td class=\"column-1\"><\/td><td class=\"column-2\">KSK<\/td><td class=\"column-3\"><span style=\"color:#222222;\">JUDr. Vojtech Hinto\u0161<\/span><\/td><td class=\"column-4\"><span style=\"color:#222222;\">sektor poskytovate\u013eov soci\u00e1lnych slu\u017eieb<\/span><\/td><td class=\"column-5\">Komora socioekonomick\u00fdch partnerov<\/td>\n<\/tr>\n<tr class=\"row-35\">\n\t<td class=\"column-1\"><\/td><td class=\"column-2\">KSK <\/td><td class=\"column-3\"><span style=\"color:#222222;\">Ing. Juraj Slafkovsk\u00fd<\/span><\/td><td class=\"column-4\"><span style=\"color:#222222;\">podnikate\u013esk\u00fd sektor<\/span><\/td><td class=\"column-5\">Komora socioekonomick\u00fdch partnerov<\/td>\n<\/tr>\n<\/tbody>\n<tfoot>\n<tr class=\"row-36\">\n\t<td class=\"column-1\"><\/td><th class=\"column-2\">KSK <\/th><th class=\"column-3\"><span style=\"color:#222222;\">Ing. J\u00e1n Kokarda <\/span><\/th><th class=\"column-4\"><span style=\"color:#222222;\">sektor Miestnych ak\u010dn\u00fdch skup\u00edn<\/span><\/th><th class=\"column-5\">Komora socioekonomick\u00fdch partnerov<\/th>\n<\/tr>\n<\/tfoot>\n<\/table>\n<!-- #tablepress-3 from cache -->\n","protected":false},"excerpt":{"rendered":"","protected":false},"author":2,"featured_media":0,"parent":0,"menu_order":0,"comment_status":"closed","ping_status":"closed","template":"","meta":{"_acf_changed":false,"footnotes":""},"class_list":["post-598","page","type-page","status-publish","hentry"],"acf":[],"yoast_head":"<!-- This site is optimized with the Yoast SEO plugin v27.0 - https:\/\/yoast.com\/product\/yoast-seo-wordpress\/ -->\n<title>Ko\u0161ick\u00e9ho kraja - Mapa partnerstva<\/title>\n<meta name=\"robots\" content=\"index, follow, max-snippet:-1, max-image-preview:large, max-video-preview:-1\" \/>\n<link rel=\"canonical\" href=\"https:\/\/mapapartnerstva.gov.sk\/?page_id=598\" \/>\n<meta property=\"og:locale\" content=\"sk_SK\" \/>\n<meta property=\"og:type\" content=\"article\" \/>\n<meta property=\"og:title\" content=\"Ko\u0161ick\u00e9ho kraja - Mapa partnerstva\" \/>\n<meta property=\"og:url\" content=\"https:\/\/mapapartnerstva.gov.sk\/?page_id=598\" \/>\n<meta property=\"og:site_name\" content=\"Mapa partnerstva\" \/>\n<meta property=\"article:modified_time\" content=\"2024-09-10T06:42:26+00:00\" \/>\n<meta name=\"twitter:card\" content=\"summary_large_image\" \/>\n<script type=\"application\/ld+json\" class=\"yoast-schema-graph\">{\"@context\":\"https:\/\/schema.org\",\"@graph\":[{\"@type\":\"WebPage\",\"@id\":\"https:\/\/mapapartnerstva.gov.sk\/?page_id=598\",\"url\":\"https:\/\/mapapartnerstva.gov.sk\/?page_id=598\",\"name\":\"Ko\u0161ick\u00e9ho kraja - Mapa partnerstva\",\"isPartOf\":{\"@id\":\"https:\/\/mapapartnerstva.gov.sk\/#website\"},\"datePublished\":\"2024-09-09T15:08:31+00:00\",\"dateModified\":\"2024-09-10T06:42:26+00:00\",\"breadcrumb\":{\"@id\":\"https:\/\/mapapartnerstva.gov.sk\/?page_id=598#breadcrumb\"},\"inLanguage\":\"sk-SK\",\"potentialAction\":[{\"@type\":\"ReadAction\",\"target\":[\"https:\/\/mapapartnerstva.gov.sk\/?page_id=598\"]}]},{\"@type\":\"BreadcrumbList\",\"@id\":\"https:\/\/mapapartnerstva.gov.sk\/?page_id=598#breadcrumb\",\"itemListElement\":[{\"@type\":\"ListItem\",\"position\":1,\"name\":\"Domovsk\u00e1 str\u00e1nka\",\"item\":\"https:\/\/mapapartnerstva.gov.sk\/\"},{\"@type\":\"ListItem\",\"position\":2,\"name\":\"Ko\u0161ick\u00e9ho kraja\"}]},{\"@type\":\"WebSite\",\"@id\":\"https:\/\/mapapartnerstva.gov.sk\/#website\",\"url\":\"https:\/\/mapapartnerstva.gov.sk\/\",\"name\":\"Mapa partnerstva\",\"description\":\"Ministerstvo invest\u00edci\u00ed, region\u00e1lneho rozvoja a informatiz\u00e1cie Slovenskej republiky\",\"potentialAction\":[{\"@type\":\"SearchAction\",\"target\":{\"@type\":\"EntryPoint\",\"urlTemplate\":\"https:\/\/mapapartnerstva.gov.sk\/?s={search_term_string}\"},\"query-input\":{\"@type\":\"PropertyValueSpecification\",\"valueRequired\":true,\"valueName\":\"search_term_string\"}}],\"inLanguage\":\"sk-SK\"}]}<\/script>\n<!-- \/ Yoast SEO plugin. -->","yoast_head_json":{"title":"Ko\u0161ick\u00e9ho kraja - Mapa partnerstva","robots":{"index":"index","follow":"follow","max-snippet":"max-snippet:-1","max-image-preview":"max-image-preview:large","max-video-preview":"max-video-preview:-1"},"canonical":"https:\/\/mapapartnerstva.gov.sk\/?page_id=598","og_locale":"sk_SK","og_type":"article","og_title":"Ko\u0161ick\u00e9ho kraja - Mapa partnerstva","og_url":"https:\/\/mapapartnerstva.gov.sk\/?page_id=598","og_site_name":"Mapa partnerstva","article_modified_time":"2024-09-10T06:42:26+00:00","twitter_card":"summary_large_image","schema":{"@context":"https:\/\/schema.org","@graph":[{"@type":"WebPage","@id":"https:\/\/mapapartnerstva.gov.sk\/?page_id=598","url":"https:\/\/mapapartnerstva.gov.sk\/?page_id=598","name":"Ko\u0161ick\u00e9ho kraja - Mapa partnerstva","isPartOf":{"@id":"https:\/\/mapapartnerstva.gov.sk\/#website"},"datePublished":"2024-09-09T15:08:31+00:00","dateModified":"2024-09-10T06:42:26+00:00","breadcrumb":{"@id":"https:\/\/mapapartnerstva.gov.sk\/?page_id=598#breadcrumb"},"inLanguage":"sk-SK","potentialAction":[{"@type":"ReadAction","target":["https:\/\/mapapartnerstva.gov.sk\/?page_id=598"]}]},{"@type":"BreadcrumbList","@id":"https:\/\/mapapartnerstva.gov.sk\/?page_id=598#breadcrumb","itemListElement":[{"@type":"ListItem","position":1,"name":"Domovsk\u00e1 str\u00e1nka","item":"https:\/\/mapapartnerstva.gov.sk\/"},{"@type":"ListItem","position":2,"name":"Ko\u0161ick\u00e9ho kraja"}]},{"@type":"WebSite","@id":"https:\/\/mapapartnerstva.gov.sk\/#website","url":"https:\/\/mapapartnerstva.gov.sk\/","name":"Mapa partnerstva","description":"Ministerstvo invest\u00edci\u00ed, region\u00e1lneho rozvoja a informatiz\u00e1cie Slovenskej republiky","potentialAction":[{"@type":"SearchAction","target":{"@type":"EntryPoint","urlTemplate":"https:\/\/mapapartnerstva.gov.sk\/?s={search_term_string}"},"query-input":{"@type":"PropertyValueSpecification","valueRequired":true,"valueName":"search_term_string"}}],"inLanguage":"sk-SK"}]}},"_links":{"self":[{"href":"https:\/\/mapapartnerstva.gov.sk\/index.php?rest_route=\/wp\/v2\/pages\/598","targetHints":{"allow":["GET"]}}],"collection":[{"href":"https:\/\/mapapartnerstva.gov.sk\/index.php?rest_route=\/wp\/v2\/pages"}],"about":[{"href":"https:\/\/mapapartnerstva.gov.sk\/index.php?rest_route=\/wp\/v2\/types\/page"}],"author":[{"embeddable":true,"href":"https:\/\/mapapartnerstva.gov.sk\/index.php?rest_route=\/wp\/v2\/users\/2"}],"replies":[{"embeddable":true,"href":"https:\/\/mapapartnerstva.gov.sk\/index.php?rest_route=%2Fwp%2Fv2%2Fcomments&post=598"}],"version-history":[{"count":2,"href":"https:\/\/mapapartnerstva.gov.sk\/index.php?rest_route=\/wp\/v2\/pages\/598\/revisions"}],"predecessor-version":[{"id":634,"href":"https:\/\/mapapartnerstva.gov.sk\/index.php?rest_route=\/wp\/v2\/pages\/598\/revisions\/634"}],"wp:attachment":[{"href":"https:\/\/mapapartnerstva.gov.sk\/index.php?rest_route=%2Fwp%2Fv2%2Fmedia&parent=598"}],"curies":[{"name":"wp","href":"https:\/\/api.w.org\/{rel}","templated":true}]}}