{"id":438,"date":"2024-09-03T13:38:45","date_gmt":"2024-09-03T13:38:45","guid":{"rendered":"http:\/\/10.10.10.150\/mapasidel\/?page_id=438"},"modified":"2024-09-03T13:38:45","modified_gmt":"2024-09-03T13:38:45","slug":"zoznam-skratiek","status":"publish","type":"page","link":"https:\/\/mapapartnerstva.gov.sk\/?page_id=438","title":{"rendered":"Zoznam skratiek"},"content":{"rendered":"<table border=\"2\">\n<tbody>\n<tr>\n<td width=\"82\">Pou\u017eit\u00e1 skratka<\/td>\n<td width=\"544\">V\u00fdznam<\/td>\n<\/tr>\n<tr>\n<td width=\"82\">ALMA<\/td>\n<td width=\"544\">Iniciat\u00edva Eur\u00f3pskej komisie Aim, Learn, Master, Achieve \u2013 napl\u00e1nova\u0165, nau\u010di\u0165 sa, osvoji\u0165 si, dosiahnu\u0165<\/td>\n<\/tr>\n<tr>\n<td width=\"82\">AMIF<\/td>\n<td width=\"544\">Fond pre azyl, migr\u00e1ciu a integr\u00e1ciu<\/td>\n<\/tr>\n<tr>\n<td width=\"82\">BA<\/td>\n<td width=\"544\">Bratislava<\/td>\n<\/tr>\n<tr>\n<td width=\"82\">BMVI<\/td>\n<td width=\"544\">N\u00e1stroj pre riadenie hran\u00edc a v\u00edzov\u00fa politiku<\/td>\n<\/tr>\n<tr>\n<td width=\"82\">BSK<\/td>\n<td width=\"544\">Bratislavsk\u00fd samospr\u00e1vny kraj<\/td>\n<\/tr>\n<tr>\n<td width=\"82\">CEF<\/td>\n<td width=\"544\">N\u00e1stroj na prep\u00e1janie Eur\u00f3py (Connecting Europe Facility)<\/td>\n<\/tr>\n<tr>\n<td width=\"82\">COSME<\/td>\n<td width=\"544\">Program E\u00da pre konkurencieschopnos\u0165 podnikov a MSP (Competitiveness of Enterprises and Small and Medium-sized Enterprises)<\/td>\n<\/tr>\n<tr>\n<td width=\"82\">\u010cOV<\/td>\n<td width=\"544\">\u010disti\u010dka odpadov\u00fdch v\u00f4d<\/td>\n<\/tr>\n<tr>\n<td width=\"82\">DEP<\/td>\n<td width=\"544\">Program Digit\u00e1lna Eur\u00f3pa (DIGITAL) \u2013 nov\u00fd program financovania E\u00da zameran\u00fd na poskytovanie digit\u00e1lnych technol\u00f3gi\u00ed podnikom, ob\u010danom a org\u00e1nom verejnej spr\u00e1vy<\/td>\n<\/tr>\n<tr>\n<td width=\"82\">DPMK<\/td>\n<td width=\"544\">Dopravn\u00fd podnik mesta Ko\u0161ice<\/td>\n<\/tr>\n<tr>\n<td width=\"82\">DPMP<\/td>\n<td width=\"544\">Dopravn\u00fd podnik mesta Pre\u0161ov<\/td>\n<\/tr>\n<tr>\n<td width=\"82\">EFRR<\/td>\n<td width=\"544\">Eur\u00f3psky fond region\u00e1lneho rozvoja<\/td>\n<\/tr>\n<tr>\n<td width=\"82\">EK<\/td>\n<td width=\"544\">Eur\u00f3pska komisia<\/td>\n<\/tr>\n<tr>\n<td width=\"82\">EO<\/td>\n<td width=\"544\">Ekvivalentn\u00fd obyvate\u013e = mno\u017estvo biologicky odstr\u00e1nite\u013en\u00e9ho organick\u00e9ho zne\u010distenia vyjadren\u00e9ho hodnotou ukazovate\u013ea biochemick\u00e1 spotreba kysl\u00edka za p\u00e4\u0165 dn\u00ed (BSK5), ktor\u00e1 je ekvivalentn\u00e1 zne\u010disteniu 60 g BSK5 produkovan\u00e9mu jedn\u00fdm obyvate\u013eom za de\u0148<\/td>\n<\/tr>\n<tr>\n<td width=\"82\">EPFRV<\/td>\n<td width=\"544\">Eur\u00f3psky po\u013enohospod\u00e1rsky fond pre rozvoj vidieka<\/td>\n<\/tr>\n<tr>\n<td width=\"82\">ERASMUS+<\/td>\n<td width=\"544\">Program Eur\u00f3pskej \u00fanie na podporu vzdel\u00e1vania, odbornej pr\u00edpravy, ml\u00e1de\u017ee a \u0161portu v Eur\u00f3pe<\/td>\n<\/tr>\n<tr>\n<td width=\"82\">ERC<\/td>\n<td width=\"544\">Eur\u00f3pska rada pre v\u00fdskum (European Research Council)<\/td>\n<\/tr>\n<tr>\n<td width=\"82\">E\u0160IF<\/td>\n<td width=\"544\">Eur\u00f3pske \u0161truktur\u00e1lne a investi\u010dn\u00e9 fondy<\/td>\n<\/tr>\n<tr>\n<td width=\"82\">E\u00da<\/td>\n<td width=\"544\">Eur\u00f3pska \u00fania<\/td>\n<\/tr>\n<tr>\n<td width=\"82\">FST<\/td>\n<td width=\"544\">Fond spravodlivej transform\u00e1cie<\/td>\n<\/tr>\n<tr>\n<td width=\"82\">INTERREG<\/td>\n<td width=\"544\">N\u00e1stroj E\u00da na podporu cezhrani\u010dnej spolupr\u00e1ce<\/td>\n<\/tr>\n<tr>\n<td width=\"82\">IPCEI<\/td>\n<td width=\"544\">Important Projects of Common European Interest \u2013 d\u00f4le\u017eit\u00e9 projekty spolo\u010dn\u00e9ho eur\u00f3pskeho z\u00e1ujmu<\/td>\n<\/tr>\n<tr>\n<td width=\"82\">ISF<\/td>\n<td width=\"544\">Fond pre vn\u00fatorn\u00fa bezpe\u010dnos\u0165<\/td>\n<\/tr>\n<tr>\n<td width=\"82\">I\u00daI<\/td>\n<td width=\"544\">integrovan\u00e9 \u00fazemn\u00e9 invest\u00edcie<\/td>\n<\/tr>\n<tr>\n<td width=\"82\">JKM<\/td>\n<td width=\"544\">jednotn\u00e9 kontaktn\u00e9 miesto<\/td>\n<\/tr>\n<tr>\n<td width=\"82\">KIB<\/td>\n<td width=\"544\">kybernetick\u00e1 a informa\u010dn\u00e1 bezpe\u010dnos\u0165<\/td>\n<\/tr>\n<tr>\n<td width=\"82\">LEADER<\/td>\n<td width=\"544\">Eur\u00f3psky program, ktor\u00e9ho cie\u013eom je zapoji\u0165 miestne subjekty vo vidieckych oblastiach do rozvoja ich vlastn\u00fdch regi\u00f3nov prostredn\u00edctvom vytv\u00e1rania miestnych ak\u010dn\u00fdch skup\u00edn (MAS) a navrhovania a vykon\u00e1vania strat\u00e9gi\u00ed<\/td>\n<\/tr>\n<tr>\n<td width=\"82\">LIFE<\/td>\n<td width=\"544\">N\u00e1stroj Eur\u00f3pskej \u00fanie na financovanie opatren\u00ed v oblasti \u017eivotn\u00e9ho prostredia a kl\u00edmy<\/td>\n<\/tr>\n<tr>\n<td width=\"82\">MD SR<\/td>\n<td width=\"544\">Ministerstvo dopravy Slovenskej republiky<\/td>\n<\/tr>\n<tr>\n<td width=\"82\">MH SR<\/td>\n<td width=\"544\">Ministerstvo hospod\u00e1rstva Slovenskej republiky<\/td>\n<\/tr>\n<tr>\n<td width=\"82\">MIRRI SR<\/td>\n<td width=\"544\">Ministerstvo invest\u00edci\u00ed, region\u00e1lneho rozvoja a informatiz\u00e1cie Slovenskej republiky<\/td>\n<\/tr>\n<tr>\n<td width=\"82\">MPRV SR<\/td>\n<td width=\"544\">Ministerstvo p\u00f4dohospod\u00e1rstva a rozvoja vidieka SR<\/td>\n<\/tr>\n<tr>\n<td width=\"82\">MPSVR SR<\/td>\n<td width=\"544\">Ministerstvo pr\u00e1ce, soci\u00e1lnych vec\u00ed a rodiny SR<\/td>\n<\/tr>\n<tr>\n<td width=\"82\">MRK<\/td>\n<td width=\"544\">Marginalizovan\u00e9 r\u00f3mske komunity<\/td>\n<\/tr>\n<tr>\n<td width=\"82\">MS SR<\/td>\n<td width=\"544\">Ministerstvo spravodlivosti Slovenskej republiky<\/td>\n<\/tr>\n<tr>\n<td width=\"82\">MUZ<\/td>\n<td width=\"544\">moderniz\u00e1cia \u00fadr\u017ebovej z\u00e1kladne<\/td>\n<\/tr>\n<tr>\n<td width=\"82\">MV SR<\/td>\n<td width=\"544\">Ministerstvo vn\u00fatra Slovenskej republiky<\/td>\n<\/tr>\n<tr>\n<td width=\"82\">NISPEZ<\/td>\n<td width=\"544\">N\u00e1rodn\u00fd informa\u010dn\u00fd syst\u00e9m podpory v\u00fdskumu a v\u00fdvoja<\/td>\n<\/tr>\n<tr>\n<td width=\"82\">OP<\/td>\n<td width=\"544\">Opera\u010dn\u00fd program programov\u00e9ho obdobia 2014-2020<\/td>\n<\/tr>\n<tr>\n<td width=\"82\">OZE<\/td>\n<td width=\"544\">obnovite\u013en\u00e9 zdroje energie<\/td>\n<\/tr>\n<tr>\n<td width=\"82\">PFA<\/td>\n<td width=\"544\">pracovisko forenzn\u00fdch anal\u00fdz<\/td>\n<\/tr>\n<tr>\n<td width=\"82\">POO<\/td>\n<td width=\"544\">Pl\u00e1n obnovy a odolnosti SR<\/td>\n<\/tr>\n<tr>\n<td width=\"82\">PRV<\/td>\n<td width=\"544\">Program rozvoja vidieka 2014-2020<\/td>\n<\/tr>\n<tr>\n<td width=\"82\">PSK<\/td>\n<td width=\"544\">Program Slovensko 2021 \u2013 2027<\/td>\n<\/tr>\n<tr>\n<td width=\"82\">PZ<\/td>\n<td width=\"544\">Projektov\u00fd z\u00e1mer<\/td>\n<\/tr>\n<tr>\n<td width=\"82\">RO<\/td>\n<td width=\"544\">Riadiaci org\u00e1n<\/td>\n<\/tr>\n<tr>\n<td width=\"82\">SK4ERA<\/td>\n<td width=\"544\">podpora zapojenia Slovenska do eur\u00f3pskeho v\u00fdskumn\u00e9ho priestoru<\/td>\n<\/tr>\n<tr>\n<td width=\"82\">SO<\/td>\n<td width=\"544\">Sprostredkovate\u013esk\u00fd org\u00e1n<\/td>\n<\/tr>\n<tr>\n<td width=\"82\">SR<\/td>\n<td width=\"544\">Slovensk\u00e1 republika<\/td>\n<\/tr>\n<tr>\n<td width=\"82\">\u017dSR<\/td>\n<td width=\"544\">\u017deleznice Slovenskej republiky<\/td>\n<\/tr>\n<tr>\n<td width=\"82\">MSP<\/td>\n<td width=\"544\">mal\u00e9 a stredn\u00e9 podniky<\/td>\n<\/tr>\n<\/tbody>\n<\/table>\n","protected":false},"excerpt":{"rendered":"<p>Pou\u017eit\u00e1 skratka V\u00fdznam ALMA Iniciat\u00edva Eur\u00f3pskej komisie Aim, Learn, Master, Achieve \u2013 napl\u00e1nova\u0165, nau\u010di\u0165 sa, osvoji\u0165 si, dosiahnu\u0165 AMIF Fond pre azyl, migr\u00e1ciu a integr\u00e1ciu BA Bratislava BMVI N\u00e1stroj pre riadenie hran\u00edc a v\u00edzov\u00fa politiku BSK Bratislavsk\u00fd samospr\u00e1vny kraj CEF N\u00e1stroj na prep\u00e1janie Eur\u00f3py (Connecting Europe Facility) COSME Program E\u00da pre konkurencieschopnos\u0165 podnikov a MSP&#8230;<\/p>\n","protected":false},"author":2,"featured_media":0,"parent":0,"menu_order":0,"comment_status":"closed","ping_status":"closed","template":"","meta":{"_acf_changed":false,"footnotes":""},"class_list":["post-438","page","type-page","status-publish","hentry"],"acf":[],"yoast_head":"<!-- This site is optimized with the Yoast SEO plugin v27.0 - https:\/\/yoast.com\/product\/yoast-seo-wordpress\/ -->\n<title>Zoznam skratiek - Mapa partnerstva<\/title>\n<meta name=\"robots\" content=\"index, follow, max-snippet:-1, max-image-preview:large, max-video-preview:-1\" \/>\n<link rel=\"canonical\" href=\"https:\/\/mapapartnerstva.gov.sk\/?page_id=438\" \/>\n<meta property=\"og:locale\" content=\"sk_SK\" \/>\n<meta property=\"og:type\" content=\"article\" \/>\n<meta property=\"og:title\" content=\"Zoznam skratiek - Mapa partnerstva\" \/>\n<meta property=\"og:description\" content=\"Pou\u017eit\u00e1 skratka V\u00fdznam ALMA Iniciat\u00edva Eur\u00f3pskej komisie Aim, Learn, Master, Achieve \u2013 napl\u00e1nova\u0165, nau\u010di\u0165 sa, osvoji\u0165 si, dosiahnu\u0165 AMIF Fond pre azyl, migr\u00e1ciu a integr\u00e1ciu BA Bratislava BMVI N\u00e1stroj pre riadenie hran\u00edc a v\u00edzov\u00fa politiku BSK Bratislavsk\u00fd samospr\u00e1vny kraj CEF N\u00e1stroj na prep\u00e1janie Eur\u00f3py (Connecting Europe Facility) COSME Program E\u00da pre konkurencieschopnos\u0165 podnikov a MSP...\" \/>\n<meta property=\"og:url\" content=\"https:\/\/mapapartnerstva.gov.sk\/?page_id=438\" \/>\n<meta property=\"og:site_name\" content=\"Mapa partnerstva\" \/>\n<meta name=\"twitter:card\" content=\"summary_large_image\" \/>\n<meta name=\"twitter:label1\" content=\"Predpokladan\u00fd \u010das \u010d\u00edtania\" \/>\n\t<meta name=\"twitter:data1\" content=\"3 min\u00faty\" \/>\n<script type=\"application\/ld+json\" class=\"yoast-schema-graph\">{\"@context\":\"https:\/\/schema.org\",\"@graph\":[{\"@type\":\"WebPage\",\"@id\":\"https:\/\/mapapartnerstva.gov.sk\/?page_id=438\",\"url\":\"https:\/\/mapapartnerstva.gov.sk\/?page_id=438\",\"name\":\"Zoznam skratiek - Mapa partnerstva\",\"isPartOf\":{\"@id\":\"https:\/\/mapapartnerstva.gov.sk\/#website\"},\"datePublished\":\"2024-09-03T13:38:45+00:00\",\"breadcrumb\":{\"@id\":\"https:\/\/mapapartnerstva.gov.sk\/?page_id=438#breadcrumb\"},\"inLanguage\":\"sk-SK\",\"potentialAction\":[{\"@type\":\"ReadAction\",\"target\":[\"https:\/\/mapapartnerstva.gov.sk\/?page_id=438\"]}]},{\"@type\":\"BreadcrumbList\",\"@id\":\"https:\/\/mapapartnerstva.gov.sk\/?page_id=438#breadcrumb\",\"itemListElement\":[{\"@type\":\"ListItem\",\"position\":1,\"name\":\"Domovsk\u00e1 str\u00e1nka\",\"item\":\"https:\/\/mapapartnerstva.gov.sk\/\"},{\"@type\":\"ListItem\",\"position\":2,\"name\":\"Zoznam skratiek\"}]},{\"@type\":\"WebSite\",\"@id\":\"https:\/\/mapapartnerstva.gov.sk\/#website\",\"url\":\"https:\/\/mapapartnerstva.gov.sk\/\",\"name\":\"Mapa partnerstva\",\"description\":\"Ministerstvo invest\u00edci\u00ed, region\u00e1lneho rozvoja a informatiz\u00e1cie Slovenskej republiky\",\"potentialAction\":[{\"@type\":\"SearchAction\",\"target\":{\"@type\":\"EntryPoint\",\"urlTemplate\":\"https:\/\/mapapartnerstva.gov.sk\/?s={search_term_string}\"},\"query-input\":{\"@type\":\"PropertyValueSpecification\",\"valueRequired\":true,\"valueName\":\"search_term_string\"}}],\"inLanguage\":\"sk-SK\"}]}<\/script>\n<!-- \/ Yoast SEO plugin. -->","yoast_head_json":{"title":"Zoznam skratiek - Mapa partnerstva","robots":{"index":"index","follow":"follow","max-snippet":"max-snippet:-1","max-image-preview":"max-image-preview:large","max-video-preview":"max-video-preview:-1"},"canonical":"https:\/\/mapapartnerstva.gov.sk\/?page_id=438","og_locale":"sk_SK","og_type":"article","og_title":"Zoznam skratiek - Mapa partnerstva","og_description":"Pou\u017eit\u00e1 skratka V\u00fdznam ALMA Iniciat\u00edva Eur\u00f3pskej komisie Aim, Learn, Master, Achieve \u2013 napl\u00e1nova\u0165, nau\u010di\u0165 sa, osvoji\u0165 si, dosiahnu\u0165 AMIF Fond pre azyl, migr\u00e1ciu a integr\u00e1ciu BA Bratislava BMVI N\u00e1stroj pre riadenie hran\u00edc a v\u00edzov\u00fa politiku BSK Bratislavsk\u00fd samospr\u00e1vny kraj CEF N\u00e1stroj na prep\u00e1janie Eur\u00f3py (Connecting Europe Facility) COSME Program E\u00da pre konkurencieschopnos\u0165 podnikov a MSP...","og_url":"https:\/\/mapapartnerstva.gov.sk\/?page_id=438","og_site_name":"Mapa partnerstva","twitter_card":"summary_large_image","twitter_misc":{"Predpokladan\u00fd \u010das \u010d\u00edtania":"3 min\u00faty"},"schema":{"@context":"https:\/\/schema.org","@graph":[{"@type":"WebPage","@id":"https:\/\/mapapartnerstva.gov.sk\/?page_id=438","url":"https:\/\/mapapartnerstva.gov.sk\/?page_id=438","name":"Zoznam skratiek - Mapa partnerstva","isPartOf":{"@id":"https:\/\/mapapartnerstva.gov.sk\/#website"},"datePublished":"2024-09-03T13:38:45+00:00","breadcrumb":{"@id":"https:\/\/mapapartnerstva.gov.sk\/?page_id=438#breadcrumb"},"inLanguage":"sk-SK","potentialAction":[{"@type":"ReadAction","target":["https:\/\/mapapartnerstva.gov.sk\/?page_id=438"]}]},{"@type":"BreadcrumbList","@id":"https:\/\/mapapartnerstva.gov.sk\/?page_id=438#breadcrumb","itemListElement":[{"@type":"ListItem","position":1,"name":"Domovsk\u00e1 str\u00e1nka","item":"https:\/\/mapapartnerstva.gov.sk\/"},{"@type":"ListItem","position":2,"name":"Zoznam skratiek"}]},{"@type":"WebSite","@id":"https:\/\/mapapartnerstva.gov.sk\/#website","url":"https:\/\/mapapartnerstva.gov.sk\/","name":"Mapa partnerstva","description":"Ministerstvo invest\u00edci\u00ed, region\u00e1lneho rozvoja a informatiz\u00e1cie Slovenskej republiky","potentialAction":[{"@type":"SearchAction","target":{"@type":"EntryPoint","urlTemplate":"https:\/\/mapapartnerstva.gov.sk\/?s={search_term_string}"},"query-input":{"@type":"PropertyValueSpecification","valueRequired":true,"valueName":"search_term_string"}}],"inLanguage":"sk-SK"}]}},"_links":{"self":[{"href":"https:\/\/mapapartnerstva.gov.sk\/index.php?rest_route=\/wp\/v2\/pages\/438","targetHints":{"allow":["GET"]}}],"collection":[{"href":"https:\/\/mapapartnerstva.gov.sk\/index.php?rest_route=\/wp\/v2\/pages"}],"about":[{"href":"https:\/\/mapapartnerstva.gov.sk\/index.php?rest_route=\/wp\/v2\/types\/page"}],"author":[{"embeddable":true,"href":"https:\/\/mapapartnerstva.gov.sk\/index.php?rest_route=\/wp\/v2\/users\/2"}],"replies":[{"embeddable":true,"href":"https:\/\/mapapartnerstva.gov.sk\/index.php?rest_route=%2Fwp%2Fv2%2Fcomments&post=438"}],"version-history":[{"count":1,"href":"https:\/\/mapapartnerstva.gov.sk\/index.php?rest_route=\/wp\/v2\/pages\/438\/revisions"}],"predecessor-version":[{"id":439,"href":"https:\/\/mapapartnerstva.gov.sk\/index.php?rest_route=\/wp\/v2\/pages\/438\/revisions\/439"}],"wp:attachment":[{"href":"https:\/\/mapapartnerstva.gov.sk\/index.php?rest_route=%2Fwp%2Fv2%2Fmedia&parent=438"}],"curies":[{"name":"wp","href":"https:\/\/api.w.org\/{rel}","templated":true}]}}