{"id":2076,"date":"2025-07-28T12:02:44","date_gmt":"2025-07-28T12:02:44","guid":{"rendered":"https:\/\/mapapartnerstva.gov.sk\/?page_id=2076"},"modified":"2025-12-05T09:18:33","modified_gmt":"2025-12-05T09:18:33","slug":"integrovany-uzemny-rozvoj","status":"publish","type":"page","link":"https:\/\/mapapartnerstva.gov.sk\/?page_id=2076","title":{"rendered":"Integrovan\u00fd \u00fazemn\u00fd rozvoj"},"content":{"rendered":"<p>Na Slovensku sa implementuje 8 I\u00daS na \u00farovni samospr\u00e1vnych krajov (RP samospr\u00e1vnych krajov) a 18 I\u00daS \u00fazem\u00ed udr\u017eate\u013en\u00e9ho mestsk\u00e9ho rozvoja (KR UMR).<\/p>\n<p>Bli\u017e\u0161ie inform\u00e1cie k integrovan\u00e9mu \u00fazemn\u00e9mu rozvoju s\u00fa uveden\u00e9 v\u00a0<a href=\"https:\/\/mirri.gov.sk\/wp-content\/uploads\/2020\/01\/Jednotn%C3%BD-metodick%C3%BD_ramec_pre_pr%C3%ADpravu_I%C3%9AS_I%C3%9AI_finalna-verzia_28072022_pdf-1.pdf\" target=\"_blank\" rel=\"noopener\">\u201eJednotnom metodickom r\u00e1mci pre pr\u00edpravu integrovan\u00fdch \u00fazemn\u00fdch strat\u00e9gi\u00ed a integrovan\u00fdch \u00fazemn\u00fdch invest\u00edci\u00ed v Slovenskej republike v programovom obdob\u00ed 2021 \u2013 2027\u201c<\/a>\u00a0a\u00a0<a href=\"https:\/\/eurofondy.gov.sk\/dokumenty-a-publikacie\/metodicke-dokumenty\/\" target=\"_blank\" rel=\"noopener\">\u201eMetodickom usmernen\u00ed k\u00a0podpore integrovan\u00e9ho \u00fazemn\u00e9ho rozvoja\u201c<\/a>.<\/p>\n<p><strong>Integrovan\u00e9 \u00fazemn\u00e9 strat\u00e9gie 8 regi\u00f3nov na \u00farovni NUTS 3 ekvivalentn\u00fdch s V\u00daC:<\/strong><\/p>\n<ul>\n<li><a href=\"https:\/\/www.bbsk.sk\/integrovana-uzemna-strategia-bbsk-na-roky-2022-2027\" target=\"_blank\" rel=\"noopener\">Banskobystrick\u00fd regi\u00f3n<\/a><\/li>\n<li><a href=\"https:\/\/bratislavskykraj.sk\/radapartnerstva\/\" target=\"_blank\" rel=\"noopener\">Bratislavsk\u00fd regi\u00f3n<\/a><\/li>\n<li><a href=\"https:\/\/web.vucke.sk\/sk\/kompetencie\/regionalny-rozvoj\/rada-partnerstva-2021-2027\/\" target=\"_blank\" rel=\"noopener\">Ko\u0161ick\u00fd regi\u00f3n<\/a><\/li>\n<li><a href=\"https:\/\/www.unsk.sk\/zobraz\/sekciu\/ius-nitrianskeho-samospravneho-kraja\" target=\"_blank\" rel=\"noopener\">Nitriansky regi\u00f3n<\/a><\/li>\n<li><a href=\"https:\/\/psk.sk\/domov\/samosprava\/vyzvy-granty-a-dotacie\/nove-programove-obdobie-2021-2027\/integrovana-uzemna-strategia-ius-2021-2027\/\" target=\"_blank\" rel=\"noopener\">Pre\u0161ovsk\u00fd regi\u00f3n<\/a><\/li>\n<li><a href=\"https:\/\/www.tsk.sk\/sprostredkovatelsky-organ\/programove-obdobie-2021-2027\/integrovana-uzemna-strategia-tsk.html?page_id=1120640\" target=\"_blank\" rel=\"noopener\">Tren\u010diansky regi\u00f3n<\/a><\/li>\n<li><a href=\"https:\/\/osam.trnava-vuc.sk\/OSamApi\/fileDownloadEUT\/7da352d2-e503-449a-b0b2-1b973f59d219\" target=\"_blank\" rel=\"noopener\">Trnavsk\u00fd regi\u00f3n<\/a><\/li>\n<li><a href=\"https:\/\/www.hrajzakraj.sk\/dokumenty\/\" target=\"_blank\" rel=\"noopener\">\u017dilinsk\u00fd regi\u00f3n<\/a><\/li>\n<\/ul>\n<p><strong>\u00dazemn\u00e9 alok\u00e1cie vy\u010dlenen\u00e9 pre integrovan\u00fd \u00fazemn\u00fd rozvoj na \u00farovni NUTS3:<\/strong><\/p>\n<ul>\n<li><a href=\"https:\/\/eurofondy.gov.sk\/wp-content\/uploads\/2024\/10\/Rada-partnerstva-Banskobystrickeho-samospravneho-kraja.pdf\">Rada partnerstva Banskobystrick\u00e9ho samospr\u00e1vneho kraja (PDF, 432 kB)<\/a><\/li>\n<li><a href=\"https:\/\/eurofondy.gov.sk\/wp-content\/uploads\/2024\/10\/Rada-partnerstva-Bratislavskeho-samospravneho-kraja.pdf\">Rada partnerstva Bratislavsk\u00e9ho samospr\u00e1vneho kraja (PDF, 436 kB)<\/a><\/li>\n<li><a href=\"https:\/\/eurofondy.gov.sk\/wp-content\/uploads\/2024\/10\/Rada-partnerstva-Kosickeho-samospravneho-kraja.pdf\">Rada partnerstva Ko\u0161ick\u00e9ho samospr\u00e1vneho kraja (PDF, 432 kB)<\/a><\/li>\n<li><a href=\"https:\/\/eurofondy.gov.sk\/wp-content\/uploads\/2024\/10\/Rada-partnerstva-Nitrianskeho-samospravneho-kraja.pdf\">Rada partnerstva Nitrianskeho samospr\u00e1vneho kraja (PDF, 244 kB)<\/a><\/li>\n<li><a href=\"https:\/\/eurofondy.gov.sk\/wp-content\/uploads\/2024\/10\/Rada-partnerstva-Presovskeho-samospravneho-kraja.pdf\">Rada partnerstva Pre\u0161ovsk\u00e9ho samospr\u00e1vneho kraja (PDF, 432 kB)<\/a><\/li>\n<li><a href=\"https:\/\/eurofondy.gov.sk\/wp-content\/uploads\/2024\/10\/Rada-partnerstva-Trencianskeho-samospravneho-kraja.pdf\">Rada partnerstva Tren\u010dianskeho samospr\u00e1vneho kraja (PDF, 432 kB)<\/a><\/li>\n<li><a href=\"https:\/\/eurofondy.gov.sk\/wp-content\/uploads\/2024\/10\/Rada-partnerstva-Trnavskeho-samospravneho-kraja.pdf\">Rada partnerstva Trnavsk\u00e9ho samospr\u00e1vneho kraja (PDF, 432 kB)<\/a><\/li>\n<li><a href=\"https:\/\/eurofondy.gov.sk\/wp-content\/uploads\/2024\/10\/Rada-partnerstva-Zilinskeho-samospravneho-kraja.pdf\">Rada partnerstva \u017dilinsk\u00e9ho samospr\u00e1vneho kraja (PDF, 432 kB)<\/a><\/li>\n<\/ul>\n<p><strong>Zlo\u017eenie rady partnerstva samospr\u00e1vneho kraja:<\/strong><\/p>\n<ul>\n<li><a href=\"https:\/\/mapapartnerstva.gov.sk\/?page_id=592\" target=\"_blank\" rel=\"noopener\">Banskobystrick\u00fd regi\u00f3n<\/a><\/li>\n<li><a href=\"https:\/\/mapapartnerstva.gov.sk\/?page_id=596\" target=\"_blank\" rel=\"noopener\">Bratislavsk\u00fd regi\u00f3n<\/a><\/li>\n<li><a href=\"https:\/\/mapapartnerstva.gov.sk\/?page_id=598\" target=\"_blank\" rel=\"noopener\">Ko\u0161ick\u00fd regi\u00f3n<\/a><\/li>\n<li><a href=\"https:\/\/mapapartnerstva.gov.sk\/?page_id=600\" target=\"_blank\" rel=\"noopener\">Nitriansky regi\u00f3n<\/a><\/li>\n<li><a href=\"https:\/\/mapapartnerstva.gov.sk\/?page_id=602\" target=\"_blank\" rel=\"noopener\">Pre\u0161ovsk\u00fd regi\u00f3n<\/a><\/li>\n<li><a href=\"https:\/\/mapapartnerstva.gov.sk\/?page_id=604\" target=\"_blank\" rel=\"noopener\">Tren\u010diansky regi\u00f3n<\/a><\/li>\n<li><a href=\"https:\/\/mapapartnerstva.gov.sk\/?page_id=606\" target=\"_blank\" rel=\"noopener\">Trnavsk\u00fd regi\u00f3n<\/a><\/li>\n<li><a href=\"https:\/\/mapapartnerstva.gov.sk\/?page_id=608\" target=\"_blank\" rel=\"noopener\">\u017dilinsk\u00fd regi\u00f3n<\/a><\/li>\n<\/ul>\n<p><strong>Integrovan\u00e9 \u00fazemn\u00e9 strat\u00e9gie 18 FMO na \u00farovni UMR:<\/strong><\/p>\n<ul>\n<li><a href=\"https:\/\/www.banskabystrica.sk\/samosprava\/regionalny-rozvoj\/integrovana-uzemna-strategia-funkcnej-mestskej-oblasti-banska-bystrica\/\" target=\"_blank\" rel=\"noopener\">UMR Bansk\u00e1 Bystrica<\/a><\/li>\n<li><a href=\"https:\/\/bratislava.sk\/mesto-bratislava\/projekty\/eu-projekty\/udrzatelny-mestsky-rozvoj\" target=\"_blank\" rel=\"noopener\">UMR Bratislava<\/a><\/li>\n<li><a href=\"https:\/\/www.humenne.sk\/Samosprava-mesta\/UMR-Humenne\/Integrovana-uzemna-strategia-UMR-Humenne-verzia-1-0\/\" target=\"_blank\" rel=\"noopener\">UMR Humenn\u00e9<\/a><\/li>\n<li><a href=\"https:\/\/www.kosice.sk\/mesto\/program-hospodarskeho-rozvoja-socialneho-rozvoja-mesta-kosice-a-jeho-funkcnej-oblasti-2022-2027-phrsr-umr-\" target=\"_blank\" rel=\"noopener\">UMR Ko\u0161ice<\/a><\/li>\n<li><a href=\"https:\/\/www.lucenec.sk\/udrzatelny-mestsky-rozvoj-lucenec.html#m_450834\" target=\"_blank\" rel=\"noopener\">UMR Lu\u010denec<\/a><\/li>\n<li><a href=\"https:\/\/www.martin.sk\/integrovana-uzemna-strategia-udrzatelneho-mestskeho-rozvoja-martin-na-roky-2023-2030\/d-86780\" target=\"_blank\" rel=\"noopener\">UMR Martin<\/a><\/li>\n<li><a href=\"https:\/\/www.michalovce.sk\/sk\/clanok\/umr-mfo-michalovce\" target=\"_blank\" rel=\"noopener\">UMR Michalovce<\/a><\/li>\n<li><a href=\"https:\/\/nitra.sk\/mestske-organizacie\/kooperacna-rada-umr-nitra\/\" target=\"_blank\" rel=\"noopener\">UMR Nitra<\/a><\/li>\n<li><a href=\"https:\/\/www.novezamky.sk\/umr%2Dnove%2Dzamky%2Dkomarno\/ds-1753\" target=\"_blank\" rel=\"noopener\">UMR Nov\u00e9 Z\u00e1mky \u2013 Kom\u00e1rno<\/a><\/li>\n<li><a href=\"https:\/\/www.poprad.sk\/stranka\/kooperacna-rada-umr-poprad-svit-kezmarok\" target=\"_blank\" rel=\"noopener\">UMR Poprad \u2013 Svit \u2013 Ke\u017emarok<\/a><\/li>\n<li><a href=\"https:\/\/www.presov.sk\/zasadnutia-kooperacnej-rady-umr-presov.html\" target=\"_blank\" rel=\"noopener\">UMR Pre\u0161ov<\/a><\/li>\n<li><a href=\"https:\/\/prievidza.sk\/samosprava\/uzemie-udrzatelneho-mestskeho-rozvoja-uzemie-umr\/integrovana-uzemna-strategia-uzemia-udrzatelneho-mestskeho-rozvoja-jadrovych-miest-prievidza-novaky-a-mesta-bojnice-a-obce-kos-na-roky-2021-2027-ius-umr-pd-no\/\" target=\"_blank\" rel=\"noopener\">UMR Prievidza \u2013 Nov\u00e1ky<\/a><\/li>\n<li><a href=\"https:\/\/www.rimavskasobota.sk\/rozvoj-mesta.phtml?id_menu=171211&amp;limited_level=1&amp;stop_menu=18191#me\" target=\"_blank\" rel=\"noopener\">UMR Rimavsk\u00e1 Sobota<\/a><\/li>\n<li><a href=\"https:\/\/www.liptov2030.sk\/vizia-pre-liptov\/#dokumenty\" target=\"_blank\" rel=\"noopener\">UMR Ru\u017eomberok \u2013 Liptovsk\u00fd Mikul\u00e1\u0161<\/a><\/li>\n<li><a href=\"https:\/\/trencin.sk\/samosprava\/udrzatelny-mestsky-rozvoj\/programove-obdobie-2021-2027\/\" target=\"_blank\" rel=\"noopener\">UMR Tren\u010d\u00edn<\/a><\/li>\n<li><a href=\"https:\/\/www.trnava.sk\/sk\/clanok\/integrovana-uzemna-strategia-mestskej-funkcnej-oblasti-mesta-trnava-na-roky-2022-2027-s-vyhladom-do-roku-2030\" target=\"_blank\" rel=\"noopener\">UMR Trnava<\/a><\/li>\n<li><a href=\"https:\/\/www.zvolen.sk\/dokumenty-umr-zvolen.html#m_500914\" target=\"_blank\" rel=\"noopener\">UMR Zvolen<\/a><\/li>\n<li><a href=\"https:\/\/zilina.sk\/mesto-zilina\/projekty\/udrzatelny-mestsky-rozvoj\/\" target=\"_blank\" rel=\"noopener\">UMR \u017dilina<\/a><\/li>\n<\/ul>\n<p><strong>\u00dazemn\u00e9 alok\u00e1cie vy\u010dlenen\u00e9 pre integrovan\u00fd \u00fazemn\u00fd rozvoj na \u00farovni FMO:<\/strong><\/p>\n<ul>\n<li><a href=\"https:\/\/eurofondy.gov.sk\/wp-content\/uploads\/2024\/10\/Kooperacna-rada-udrzatelneho-mestskeho-rozvoja-Banska-Bystrica.pdf\">Koopera\u010dn\u00e1 rada udr\u017eate\u013en\u00e9ho mestsk\u00e9ho rozvoja Bansk\u00e1 Bystrica (PDF, 429 kB)<\/a><\/li>\n<li><a href=\"https:\/\/eurofondy.gov.sk\/wp-content\/uploads\/2024\/10\/Kooperacna-rada-udrzatelneho-mestskeho-rozvoja-Bratislava.pdf\">Koopera\u010dn\u00e1 rada udr\u017eate\u013en\u00e9ho mestsk\u00e9ho rozvoja Bratislava (PDF, 429 kB)<\/a><\/li>\n<li><a href=\"https:\/\/eurofondy.gov.sk\/wp-content\/uploads\/2024\/10\/Kooperacna-rada-udrzatelneho-mestskeho-rozvoja-Humenne.pdf\">Koopera\u010dn\u00e1 rada udr\u017eate\u013en\u00e9ho mestsk\u00e9ho rozvoja Humenn\u00e9 (PDF, 429 kB)<\/a><\/li>\n<li><a href=\"https:\/\/eurofondy.gov.sk\/wp-content\/uploads\/2024\/10\/Kooperacna-rada-udrzatelneho-mestskeho-rozvoja-Kosice.pdf\">Koopera\u010dn\u00e1 rada udr\u017eate\u013en\u00e9ho mestsk\u00e9ho rozvoja Ko\u0161ice (PDF, 429 kB)<\/a><\/li>\n<li><a href=\"https:\/\/eurofondy.gov.sk\/wp-content\/uploads\/2024\/10\/Kooperacna-rada-udrzatelneho-mestskeho-rozvoja-Lucenec.pdf\">Koopera\u010dn\u00e1 rada udr\u017eate\u013en\u00e9ho mestsk\u00e9ho rozvoja Lu\u010denec (PDF, 429 kB)<\/a><\/li>\n<li><a href=\"https:\/\/eurofondy.gov.sk\/wp-content\/uploads\/2024\/10\/Kooperacna-rada-udrzatelneho-mestskeho-rozvoja-Liptovsky-Mikulas-Ruzomberok.pdf\">Koopera\u010dn\u00e1 rada udr\u017eate\u013en\u00e9ho mestsk\u00e9ho rozvoja Liptovsk\u00fd Mikul\u00e1\u0161 \u2013 Ru\u017eomberok (PDF, 429 kB)<\/a><\/li>\n<li><a href=\"https:\/\/eurofondy.gov.sk\/wp-content\/uploads\/2024\/10\/Kooperacna-rada-udrzatelneho-mestskeho-rozvoja-Michalovce.pdf\">Koopera\u010dn\u00e1 rada udr\u017eate\u013en\u00e9ho mestsk\u00e9ho rozvoja Michalovce (PDF, 429 kB)<\/a><\/li>\n<li><a href=\"https:\/\/eurofondy.gov.sk\/wp-content\/uploads\/2024\/10\/Kooperacna-rada-udrzatelneho-mestskeho-rozvoja-Martin.pdf\">Koopera\u010dn\u00e1 rada udr\u017eate\u013en\u00e9ho mestsk\u00e9ho rozvoja Martin \u2013 Vr\u00fatky (PDF, 429 kB)<\/a><\/li>\n<li><a href=\"https:\/\/eurofondy.gov.sk\/wp-content\/uploads\/2024\/10\/Kooperacna-rada-udrzatelneho-mestskeho-rozvoja-Nitra.pdf\">Koopera\u010dn\u00e1 rada udr\u017eate\u013en\u00e9ho mestsk\u00e9ho rozvoja Nitra (PDF, 429 kB)<\/a><\/li>\n<li><a href=\"https:\/\/eurofondy.gov.sk\/wp-content\/uploads\/2024\/10\/Kooperacna-rada-udrzatelneho-mestskeho-rozvoja-Nove-Zamky-Komarno.pdf\">Koopera\u010dn\u00e1 rada udr\u017eate\u013en\u00e9ho mestsk\u00e9ho rozvoja Nov\u00e9 Z\u00e1mky \u2013 Kom\u00e1rno (PDF, 429 kB)<\/a><\/li>\n<li><a href=\"https:\/\/eurofondy.gov.sk\/wp-content\/uploads\/2024\/10\/Kooperacna-rada-udrzatelneho-mestskeho-rozvoja-Prievidza.pdf\">Koopera\u010dn\u00e1 rada udr\u017eate\u013en\u00e9ho mestsk\u00e9ho rozvoja Prievidza \u2013 Nov\u00e1ky (PDF, 429 kB)<\/a><\/li>\n<li><a href=\"https:\/\/eurofondy.gov.sk\/wp-content\/uploads\/2024\/10\/Kooperacna-rada-udrzatelneho-mestskeho-rozvoja-Presov.pdf\">Koopera\u010dn\u00e1 rada udr\u017eate\u013en\u00e9ho mestsk\u00e9ho rozvoja Pre\u0161ov (PDF, 429 kB)<\/a><\/li>\n<li><a href=\"https:\/\/eurofondy.gov.sk\/wp-content\/uploads\/2024\/10\/Kooperacna-rada-udrzatelneho-mestskeho-rozvoja-Poprad-Svit-Kezmarok.pdf\">Koopera\u010dn\u00e1 rada udr\u017eate\u013en\u00e9ho mestsk\u00e9ho rozvoja Poprad \u2013 Svit (PDF, 429 kB)<\/a><\/li>\n<li><a href=\"https:\/\/eurofondy.gov.sk\/wp-content\/uploads\/2024\/10\/Kooperacna-rada-udrzatelneho-mestskeho-rozvoja-Rimavska-Sobota.pdf\">Koopera\u010dn\u00e1 rada udr\u017eate\u013en\u00e9ho mestsk\u00e9ho rozvoja Rimavsk\u00e1 Sobota (PDF, 430 kB)<\/a><\/li>\n<li><a href=\"https:\/\/eurofondy.gov.sk\/wp-content\/uploads\/2024\/10\/Kooperacna-rada-udrzatelneho-mestskeho-rozvoja-Trencin.pdf\">Koopera\u010dn\u00e1 rada udr\u017eate\u013en\u00e9ho mestsk\u00e9ho rozvoja Tren\u010d\u00edn (PDF, 429 kB)<\/a><\/li>\n<li><a href=\"https:\/\/eurofondy.gov.sk\/wp-content\/uploads\/2024\/10\/Kooperacna-rada-udrzatelneho-mestskeho-rozvoja-Trnava.pdf\">Koopera\u010dn\u00e1 rada udr\u017eate\u013en\u00e9ho mestsk\u00e9ho rozvoja Trnava (PDF, 429 kB)<\/a><\/li>\n<li><a href=\"https:\/\/eurofondy.gov.sk\/wp-content\/uploads\/2024\/10\/Kooperacna-rada-udrzatelneho-mestskeho-rozvoja-Zilina.pdf\">Koopera\u010dn\u00e1 rada udr\u017eate\u013en\u00e9ho mestsk\u00e9ho rozvoja \u017dilina (PDF, 429 kB)<\/a><\/li>\n<li><a href=\"https:\/\/eurofondy.gov.sk\/wp-content\/uploads\/2024\/10\/Kooperacna-rada-udrzatelneho-mestskeho-rozvoja-Zvolen.pdf\">Koopera\u010dn\u00e1 rada udr\u017eate\u013en\u00e9ho mestsk\u00e9ho rozvoja Zvolen (PDF, 429 kB)<\/a><\/li>\n<\/ul>\n<p><strong>Zlo\u017eenie koopera\u010dnej rady udr\u017eate\u013en\u00e9ho mestsk\u00e9ho rozvoja:<\/strong><\/p>\n<ul>\n<li><a href=\"https:\/\/mapapartnerstva.gov.sk\/wp-content\/uploads\/2025\/12\/Zlozenie_KR-UMR-BB.pdf\">Koopera\u010dn\u00e1 rada udr\u017eate\u013en\u00e9ho mestsk\u00e9ho rozvoja Bansk\u00e1 Bystrica (PDF, 180 kB)<\/a><\/li>\n<li><a href=\"https:\/\/mapapartnerstva.gov.sk\/wp-content\/uploads\/2025\/12\/Zlozenie_KR-UMR-BA.pdf\">Koopera\u010dn\u00e1 rada udr\u017eate\u013en\u00e9ho mestsk\u00e9ho rozvoja Bratislava (PDF, 176 kB)<\/a><\/li>\n<li><a href=\"https:\/\/eurofondy.gov.sk\/wp-content\/uploads\/2024\/08\/Zlozenie_KR-UMR-HE.pdf\">Koopera\u010dn\u00e1 rada udr\u017eate\u013en\u00e9ho mestsk\u00e9ho rozvoja Humenn\u00e9 (PDF, 180 kB)<\/a><\/li>\n<li><a href=\"https:\/\/mapapartnerstva.gov.sk\/wp-content\/uploads\/2025\/12\/Zlozenie_KR-UMR-KE.pdf\">Koopera\u010dn\u00e1 rada udr\u017eate\u013en\u00e9ho mestsk\u00e9ho rozvoja Ko\u0161ice (PDF, 246 kB)<\/a><\/li>\n<li><a href=\"https:\/\/mapapartnerstva.gov.sk\/wp-content\/uploads\/2025\/12\/Zlozenie_KR-UMR-LC.pdf\">Koopera\u010dn\u00e1 rada udr\u017eate\u013en\u00e9ho mestsk\u00e9ho rozvoja Lu\u010denec (PDF, 100 kB)<\/a><\/li>\n<li><a href=\"https:\/\/mapapartnerstva.gov.sk\/wp-content\/uploads\/2025\/12\/Zlozenie_KR-UMR-MT.pdf\">Koopera\u010dn\u00e1 rada udr\u017eate\u013en\u00e9ho mestsk\u00e9ho rozvoja Martin (PDF, 172 kB)<\/a><\/li>\n<li><a href=\"https:\/\/mapapartnerstva.gov.sk\/wp-content\/uploads\/2025\/12\/Zlozenie_KR-UMR-MI.pdf\">Koopera\u010dn\u00e1 rada udr\u017eate\u013en\u00e9ho mestsk\u00e9ho rozvoja Michalovce (PDF, 176 kB)<\/a><\/li>\n<li><a href=\"https:\/\/mapapartnerstva.gov.sk\/wp-content\/uploads\/2025\/12\/Zlozenie_KR-UMR-NR.pdf\">Koopera\u010dn\u00e1 rada udr\u017eate\u013en\u00e9ho mestsk\u00e9ho rozvoja Nitra (PDF, 180 kB)<\/a><\/li>\n<li><a href=\"https:\/\/eurofondy.gov.sk\/wp-content\/uploads\/2024\/08\/Zlozenie_KR-UMR-NZ-KN.pdf\">Koopera\u010dn\u00e1 rada udr\u017eate\u013en\u00e9ho mestsk\u00e9ho rozvoja Nov\u00e9 Z\u00e1mky \u2013 Kom\u00e1rno (PDF, 176 kB)<\/a><\/li>\n<li><a href=\"https:\/\/eurofondy.gov.sk\/wp-content\/uploads\/2024\/08\/Zlozenie_KR-UMR-PP-Svit-KK.pdf\">Koopera\u010dn\u00e1 rada udr\u017eate\u013en\u00e9ho mestsk\u00e9ho rozvoja Poprad \u2013 Svit \u2013 Ke\u017emarok (PDF, 176 kB)<\/a><\/li>\n<li><a href=\"https:\/\/eurofondy.gov.sk\/wp-content\/uploads\/2024\/08\/Zlozenie_KR-UMR-PO.pdf\">Koopera\u010dn\u00e1 rada udr\u017eate\u013en\u00e9ho mestsk\u00e9ho rozvoja Pre\u0161ov (PDF, 176 kB)<\/a><\/li>\n<li><a href=\"https:\/\/mapapartnerstva.gov.sk\/wp-content\/uploads\/2025\/12\/Zlozenie_KR-UMR-PD-NO.pdf\">Koopera\u010dn\u00e1 rada udr\u017eate\u013en\u00e9ho mestsk\u00e9ho rozvoja Prievidza\u00a0 &#8211; Nov\u00e1ky (PDF, 176 kB)<\/a><\/li>\n<li><a href=\"https:\/\/mapapartnerstva.gov.sk\/wp-content\/uploads\/2025\/12\/Zlozenie_KR-UMR-RS.pdf\">Koopera\u010dn\u00e1 rada udr\u017eate\u013en\u00e9ho mestsk\u00e9ho rozvoja Rimavsk\u00e1 Sobota (PDF, 180 kB)<\/a><\/li>\n<li><a href=\"https:\/\/eurofondy.gov.sk\/wp-content\/uploads\/2024\/08\/Zlozenie_KR-UMR-RK-LM.pdf\">Koopera\u010dn\u00e1 rada udr\u017eate\u013en\u00e9ho mestsk\u00e9ho rozvoja Ru\u017eomberok \u2013 Liptovsk\u00fd Mikul\u00e1\u0161 (PDF, 176 kB)<\/a><\/li>\n<li><a href=\"https:\/\/eurofondy.gov.sk\/wp-content\/uploads\/2024\/08\/Zlozenie_KR-UMR-TN.pdf\">Koopera\u010dn\u00e1 rada udr\u017eate\u013en\u00e9ho mestsk\u00e9ho rozvoja Tren\u010d\u00edn (PDF, 176 kB)<\/a><\/li>\n<li><a href=\"https:\/\/eurofondy.gov.sk\/wp-content\/uploads\/2024\/08\/Zlozenie_KR-UMR-TT.pdf\">Koopera\u010dn\u00e1 rada udr\u017eate\u013en\u00e9ho mestsk\u00e9ho rozvoja Trnava (PDF, 176 kB)<\/a><\/li>\n<li><a href=\"https:\/\/mapapartnerstva.gov.sk\/wp-content\/uploads\/2025\/12\/Zlozenie_KR-UMR-ZV.pdf\">Koopera\u010dn\u00e1 rada udr\u017eate\u013en\u00e9ho mestsk\u00e9ho rozvoja Zvolen (PDF, 108 kB)<\/a><\/li>\n<li><a href=\"https:\/\/mapapartnerstva.gov.sk\/wp-content\/uploads\/2025\/12\/Zlozenie_KR-UMR-ZA.pdf\">Koopera\u010dn\u00e1 rada udr\u017eate\u013en\u00e9ho mestsk\u00e9ho rozvoja \u017dilina (PDF, 176 kB)<\/a><\/li>\n<\/ul>\n","protected":false},"excerpt":{"rendered":"<p>Na Slovensku sa implementuje 8 I\u00daS na \u00farovni samospr\u00e1vnych krajov (RP samospr\u00e1vnych krajov) a 18 I\u00daS \u00fazem\u00ed udr\u017eate\u013en\u00e9ho mestsk\u00e9ho rozvoja (KR UMR). Bli\u017e\u0161ie inform\u00e1cie k integrovan\u00e9mu \u00fazemn\u00e9mu rozvoju s\u00fa uveden\u00e9 v\u00a0\u201eJednotnom metodickom r\u00e1mci pre pr\u00edpravu integrovan\u00fdch \u00fazemn\u00fdch strat\u00e9gi\u00ed a integrovan\u00fdch \u00fazemn\u00fdch invest\u00edci\u00ed v Slovenskej republike v programovom obdob\u00ed 2021 \u2013 2027\u201c\u00a0a\u00a0\u201eMetodickom usmernen\u00ed k\u00a0podpore integrovan\u00e9ho \u00fazemn\u00e9ho&#8230;<\/p>\n","protected":false},"author":2,"featured_media":0,"parent":0,"menu_order":0,"comment_status":"closed","ping_status":"closed","template":"","meta":{"_acf_changed":false,"footnotes":""},"class_list":["post-2076","page","type-page","status-publish","hentry"],"acf":[],"yoast_head":"<!-- This site is optimized with the Yoast SEO plugin v27.0 - https:\/\/yoast.com\/product\/yoast-seo-wordpress\/ -->\n<title>Integrovan\u00fd \u00fazemn\u00fd rozvoj - Mapa partnerstva<\/title>\n<meta name=\"robots\" content=\"index, follow, max-snippet:-1, max-image-preview:large, max-video-preview:-1\" \/>\n<link rel=\"canonical\" href=\"https:\/\/mapapartnerstva.gov.sk\/?page_id=2076\" \/>\n<meta property=\"og:locale\" content=\"sk_SK\" \/>\n<meta property=\"og:type\" content=\"article\" \/>\n<meta property=\"og:title\" content=\"Integrovan\u00fd \u00fazemn\u00fd rozvoj - Mapa partnerstva\" \/>\n<meta property=\"og:description\" content=\"Na Slovensku sa implementuje 8 I\u00daS na \u00farovni samospr\u00e1vnych krajov (RP samospr\u00e1vnych krajov) a 18 I\u00daS \u00fazem\u00ed udr\u017eate\u013en\u00e9ho mestsk\u00e9ho rozvoja (KR UMR). Bli\u017e\u0161ie inform\u00e1cie k integrovan\u00e9mu \u00fazemn\u00e9mu rozvoju s\u00fa uveden\u00e9 v\u00a0\u201eJednotnom metodickom r\u00e1mci pre pr\u00edpravu integrovan\u00fdch \u00fazemn\u00fdch strat\u00e9gi\u00ed a integrovan\u00fdch \u00fazemn\u00fdch invest\u00edci\u00ed v Slovenskej republike v programovom obdob\u00ed 2021 \u2013 2027\u201c\u00a0a\u00a0\u201eMetodickom usmernen\u00ed k\u00a0podpore integrovan\u00e9ho \u00fazemn\u00e9ho...\" \/>\n<meta property=\"og:url\" content=\"https:\/\/mapapartnerstva.gov.sk\/?page_id=2076\" \/>\n<meta property=\"og:site_name\" content=\"Mapa partnerstva\" \/>\n<meta property=\"article:modified_time\" content=\"2025-12-05T09:18:33+00:00\" \/>\n<meta name=\"twitter:card\" content=\"summary_large_image\" \/>\n<meta name=\"twitter:label1\" content=\"Predpokladan\u00fd \u010das \u010d\u00edtania\" \/>\n\t<meta name=\"twitter:data1\" content=\"4 min\u00faty\" \/>\n<script type=\"application\/ld+json\" class=\"yoast-schema-graph\">{\"@context\":\"https:\/\/schema.org\",\"@graph\":[{\"@type\":\"WebPage\",\"@id\":\"https:\/\/mapapartnerstva.gov.sk\/?page_id=2076\",\"url\":\"https:\/\/mapapartnerstva.gov.sk\/?page_id=2076\",\"name\":\"Integrovan\u00fd \u00fazemn\u00fd rozvoj - Mapa partnerstva\",\"isPartOf\":{\"@id\":\"https:\/\/mapapartnerstva.gov.sk\/#website\"},\"datePublished\":\"2025-07-28T12:02:44+00:00\",\"dateModified\":\"2025-12-05T09:18:33+00:00\",\"breadcrumb\":{\"@id\":\"https:\/\/mapapartnerstva.gov.sk\/?page_id=2076#breadcrumb\"},\"inLanguage\":\"sk-SK\",\"potentialAction\":[{\"@type\":\"ReadAction\",\"target\":[\"https:\/\/mapapartnerstva.gov.sk\/?page_id=2076\"]}]},{\"@type\":\"BreadcrumbList\",\"@id\":\"https:\/\/mapapartnerstva.gov.sk\/?page_id=2076#breadcrumb\",\"itemListElement\":[{\"@type\":\"ListItem\",\"position\":1,\"name\":\"Domovsk\u00e1 str\u00e1nka\",\"item\":\"https:\/\/mapapartnerstva.gov.sk\/\"},{\"@type\":\"ListItem\",\"position\":2,\"name\":\"Integrovan\u00fd \u00fazemn\u00fd rozvoj\"}]},{\"@type\":\"WebSite\",\"@id\":\"https:\/\/mapapartnerstva.gov.sk\/#website\",\"url\":\"https:\/\/mapapartnerstva.gov.sk\/\",\"name\":\"Mapa partnerstva\",\"description\":\"Ministerstvo invest\u00edci\u00ed, region\u00e1lneho rozvoja a informatiz\u00e1cie Slovenskej republiky\",\"potentialAction\":[{\"@type\":\"SearchAction\",\"target\":{\"@type\":\"EntryPoint\",\"urlTemplate\":\"https:\/\/mapapartnerstva.gov.sk\/?s={search_term_string}\"},\"query-input\":{\"@type\":\"PropertyValueSpecification\",\"valueRequired\":true,\"valueName\":\"search_term_string\"}}],\"inLanguage\":\"sk-SK\"}]}<\/script>\n<!-- \/ Yoast SEO plugin. -->","yoast_head_json":{"title":"Integrovan\u00fd \u00fazemn\u00fd rozvoj - Mapa partnerstva","robots":{"index":"index","follow":"follow","max-snippet":"max-snippet:-1","max-image-preview":"max-image-preview:large","max-video-preview":"max-video-preview:-1"},"canonical":"https:\/\/mapapartnerstva.gov.sk\/?page_id=2076","og_locale":"sk_SK","og_type":"article","og_title":"Integrovan\u00fd \u00fazemn\u00fd rozvoj - Mapa partnerstva","og_description":"Na Slovensku sa implementuje 8 I\u00daS na \u00farovni samospr\u00e1vnych krajov (RP samospr\u00e1vnych krajov) a 18 I\u00daS \u00fazem\u00ed udr\u017eate\u013en\u00e9ho mestsk\u00e9ho rozvoja (KR UMR). Bli\u017e\u0161ie inform\u00e1cie k integrovan\u00e9mu \u00fazemn\u00e9mu rozvoju s\u00fa uveden\u00e9 v\u00a0\u201eJednotnom metodickom r\u00e1mci pre pr\u00edpravu integrovan\u00fdch \u00fazemn\u00fdch strat\u00e9gi\u00ed a integrovan\u00fdch \u00fazemn\u00fdch invest\u00edci\u00ed v Slovenskej republike v programovom obdob\u00ed 2021 \u2013 2027\u201c\u00a0a\u00a0\u201eMetodickom usmernen\u00ed k\u00a0podpore integrovan\u00e9ho \u00fazemn\u00e9ho...","og_url":"https:\/\/mapapartnerstva.gov.sk\/?page_id=2076","og_site_name":"Mapa partnerstva","article_modified_time":"2025-12-05T09:18:33+00:00","twitter_card":"summary_large_image","twitter_misc":{"Predpokladan\u00fd \u010das \u010d\u00edtania":"4 min\u00faty"},"schema":{"@context":"https:\/\/schema.org","@graph":[{"@type":"WebPage","@id":"https:\/\/mapapartnerstva.gov.sk\/?page_id=2076","url":"https:\/\/mapapartnerstva.gov.sk\/?page_id=2076","name":"Integrovan\u00fd \u00fazemn\u00fd rozvoj - Mapa partnerstva","isPartOf":{"@id":"https:\/\/mapapartnerstva.gov.sk\/#website"},"datePublished":"2025-07-28T12:02:44+00:00","dateModified":"2025-12-05T09:18:33+00:00","breadcrumb":{"@id":"https:\/\/mapapartnerstva.gov.sk\/?page_id=2076#breadcrumb"},"inLanguage":"sk-SK","potentialAction":[{"@type":"ReadAction","target":["https:\/\/mapapartnerstva.gov.sk\/?page_id=2076"]}]},{"@type":"BreadcrumbList","@id":"https:\/\/mapapartnerstva.gov.sk\/?page_id=2076#breadcrumb","itemListElement":[{"@type":"ListItem","position":1,"name":"Domovsk\u00e1 str\u00e1nka","item":"https:\/\/mapapartnerstva.gov.sk\/"},{"@type":"ListItem","position":2,"name":"Integrovan\u00fd \u00fazemn\u00fd rozvoj"}]},{"@type":"WebSite","@id":"https:\/\/mapapartnerstva.gov.sk\/#website","url":"https:\/\/mapapartnerstva.gov.sk\/","name":"Mapa partnerstva","description":"Ministerstvo invest\u00edci\u00ed, region\u00e1lneho rozvoja a informatiz\u00e1cie Slovenskej republiky","potentialAction":[{"@type":"SearchAction","target":{"@type":"EntryPoint","urlTemplate":"https:\/\/mapapartnerstva.gov.sk\/?s={search_term_string}"},"query-input":{"@type":"PropertyValueSpecification","valueRequired":true,"valueName":"search_term_string"}}],"inLanguage":"sk-SK"}]}},"_links":{"self":[{"href":"https:\/\/mapapartnerstva.gov.sk\/index.php?rest_route=\/wp\/v2\/pages\/2076","targetHints":{"allow":["GET"]}}],"collection":[{"href":"https:\/\/mapapartnerstva.gov.sk\/index.php?rest_route=\/wp\/v2\/pages"}],"about":[{"href":"https:\/\/mapapartnerstva.gov.sk\/index.php?rest_route=\/wp\/v2\/types\/page"}],"author":[{"embeddable":true,"href":"https:\/\/mapapartnerstva.gov.sk\/index.php?rest_route=\/wp\/v2\/users\/2"}],"replies":[{"embeddable":true,"href":"https:\/\/mapapartnerstva.gov.sk\/index.php?rest_route=%2Fwp%2Fv2%2Fcomments&post=2076"}],"version-history":[{"count":14,"href":"https:\/\/mapapartnerstva.gov.sk\/index.php?rest_route=\/wp\/v2\/pages\/2076\/revisions"}],"predecessor-version":[{"id":2622,"href":"https:\/\/mapapartnerstva.gov.sk\/index.php?rest_route=\/wp\/v2\/pages\/2076\/revisions\/2622"}],"wp:attachment":[{"href":"https:\/\/mapapartnerstva.gov.sk\/index.php?rest_route=%2Fwp%2Fv2%2Fmedia&parent=2076"}],"curies":[{"name":"wp","href":"https:\/\/api.w.org\/{rel}","templated":true}]}}